{"id":1544,"date":"2018-07-11T14:10:36","date_gmt":"2018-07-11T17:10:36","guid":{"rendered":"http:\/\/maxipago.com\/developers\/?page_id=1544"},"modified":"2023-01-12T14:31:31","modified_gmt":"2023-01-12T17:31:31","slug":"requisicoes-de-cadastro","status":"publish","type":"page","link":"https:\/\/www.maxipago.com\/developers\/apidocs\/requisicoes-de-cadastro\/","title":{"rendered":"Requisi\u00e7\u00f5es de Cadastro"},"content":{"rendered":"<div class=\"row\"><div class=\"col-md-6\">\n<p>As requisi\u00e7\u00f5es de cadastro executam a\u00e7\u00f5es <strong style=\"color: #878787;\">n\u00e3o-transacionais<\/strong> no sistema. Estas fun\u00e7\u00f5es permitem salvar o cart\u00e3o de cr\u00e9dito do cliente em nossa base e gerenciar futuras trans\u00e7\u00f5es a partir de um token \u00fanico.<\/p>\n<\/div><div class=\"col-md-6\">\n<p>A estrutura do XML \u00e9 um pouco diferente nas requisi\u00e7\u00f5es de Transa\u00e7\u00e3o. A valida\u00e7\u00e3o das credenciais permanece a mesma, mas surgem dois novos elementos, al\u00e9m de tre outro n\u00f3-raiz:&lt;api-request\/&gt;.<\/p>\n<\/div><\/div><div class=\"row\"><div class=\"col-md-6\">\n<p>\u00a0<\/p>\n<h2><strong style=\"color: #e06b08;\">O Elemento &lt;command\/&gt;<\/strong><\/h2>\n<p>\u00a0<\/p>\n<p>O elemento &lt;command\/&gt; determina a fun\u00e7\u00e3o a ser executada, enquanto que o n\u00f3 &lt;request\/&gt; cont\u00e9m os detalhes da requisi\u00e7\u00e3o. Os comandos dispon\u00edveis s\u00e3o:<\/p>\n<ul>\n<li><strong style=\"color: #4bb6f5;\">add-consumer:<\/strong> cria um cadastro para o cliente com as suas informa\u00e7\u00f5es.<\/li>\n<li><strong style=\"color: #4bb6f5;\">update-consumer:<\/strong> atualiza o cadastro do cliente.<\/li>\n<li><strong style=\"color: #4bb6f5;\">delete-consumer:<\/strong> remove o cadastro do cliente.<\/li>\n<li><strong style=\"color: #4bb6f5;\">add-card-onfile:<\/strong> adiciona um cart\u00e3o de cr\u00e9dito ao cadastro do cliente.<\/li>\n<li><strong style=\"color: #4bb6f5;\">delete-card-onfile:<\/strong> remove um cart\u00e3o de cr\u00e9dito do cadastro do cliente.<\/li>\n<\/ul>\n<\/div><\/div>\n<div class=\"row\"><div class=\"col-md-6\">\n<p>\u00a0<\/p>\n<h2><strong style=\"color: #e06b08;\">A Estrutura B\u00e1sica do XML<\/strong><\/h2>\n<p>\u00a0<\/p>\n<p>A estrutura b\u00e1sica do XML fica, ent\u00e3o da seguinte forma:<\/p>\n\n\n<div style=\"height:14px\" aria-hidden=\"true\" class=\"wp-block-spacer\"><\/div>\n\n\n\n<pre class=\"EnlighterJSRAW\" data-enlighter-language=\"generic\" data-enlighter-theme=\"\" data-enlighter-highlight=\"\" data-enlighter-linenumbers=\"\" data-enlighter-lineoffset=\"\" data-enlighter-title=\"\" data-enlighter-group=\"\">&lt;api-request>\n    &lt;verification>\n        &lt;merchantId \/>\n        &lt;merchantKey \/>\n    &lt;\/verification>\n    &lt;command \/>\n    &lt;request>\n        ...\n    &lt;\/request>\n&lt;\/api-request>\n\n<\/div>\n<\/div><\/pre>\n","protected":false},"excerpt":{"rendered":"","protected":false},"author":2,"featured_media":0,"parent":15,"menu_order":0,"comment_status":"closed","ping_status":"closed","template":"page-full.php","meta":{"spay_email":"","footnotes":""},"yoast_head":"<!-- This site is optimized with the Yoast SEO plugin v16.2 - https:\/\/yoast.com\/wordpress\/plugins\/seo\/ -->\n<title>Requisi\u00e7\u00f5es de Cadastro - Gateway Rede! Developers<\/title>\n<meta name=\"robots\" content=\"noindex, follow, max-snippet:-1, max-image-preview:large, max-video-preview:-1\" \/>\n<meta property=\"og:locale\" content=\"pt_BR\" \/>\n<meta property=\"og:type\" content=\"article\" \/>\n<meta property=\"og:title\" content=\"Requisi\u00e7\u00f5es de Cadastro - Gateway Rede! Developers\" \/>\n<meta property=\"og:url\" content=\"https:\/\/www.maxipago.com\/developers\/apidocs\/requisicoes-de-cadastro\/\" \/>\n<meta property=\"og:site_name\" content=\"Gateway Rede! Developers\" \/>\n<meta property=\"article:publisher\" content=\"https:\/\/www.facebook.com\/maxiPago-193308344142172\/?fref=ts\" \/>\n<meta property=\"article:modified_time\" content=\"2023-01-12T17:31:31+00:00\" \/>\n<meta name=\"twitter:card\" content=\"summary\" \/>\n<meta name=\"twitter:label1\" content=\"Est. tempo de leitura\">\n\t<meta name=\"twitter:data1\" content=\"1 minuto\">\n<script type=\"application\/ld+json\" class=\"yoast-schema-graph\">{\"@context\":\"https:\/\/schema.org\",\"@graph\":[{\"@type\":\"WebSite\",\"@id\":\"https:\/\/www.maxipago.com\/developers\/#website\",\"url\":\"https:\/\/www.maxipago.com\/developers\/\",\"name\":\"Gateway Rede! Developers\",\"description\":\"Portal de Desenvolvedores - Gateway Rede!\",\"potentialAction\":[{\"@type\":\"SearchAction\",\"target\":\"https:\/\/www.maxipago.com\/developers\/?s={search_term_string}\",\"query-input\":\"required name=search_term_string\"}],\"inLanguage\":\"pt-BR\"},{\"@type\":\"WebPage\",\"@id\":\"https:\/\/www.maxipago.com\/developers\/apidocs\/requisicoes-de-cadastro\/#webpage\",\"url\":\"https:\/\/www.maxipago.com\/developers\/apidocs\/requisicoes-de-cadastro\/\",\"name\":\"Requisi\\u00e7\\u00f5es de Cadastro - Gateway Rede! Developers\",\"isPartOf\":{\"@id\":\"https:\/\/www.maxipago.com\/developers\/#website\"},\"datePublished\":\"2018-07-11T17:10:36+00:00\",\"dateModified\":\"2023-01-12T17:31:31+00:00\",\"breadcrumb\":{\"@id\":\"https:\/\/www.maxipago.com\/developers\/apidocs\/requisicoes-de-cadastro\/#breadcrumb\"},\"inLanguage\":\"pt-BR\",\"potentialAction\":[{\"@type\":\"ReadAction\",\"target\":[\"https:\/\/www.maxipago.com\/developers\/apidocs\/requisicoes-de-cadastro\/\"]}]},{\"@type\":\"BreadcrumbList\",\"@id\":\"https:\/\/www.maxipago.com\/developers\/apidocs\/requisicoes-de-cadastro\/#breadcrumb\",\"itemListElement\":[{\"@type\":\"ListItem\",\"position\":1,\"item\":{\"@type\":\"WebPage\",\"@id\":\"https:\/\/www.maxipago.com\/developers\/\",\"url\":\"https:\/\/www.maxipago.com\/developers\/\",\"name\":\"In\\u00edcio\"}},{\"@type\":\"ListItem\",\"position\":2,\"item\":{\"@type\":\"WebPage\",\"@id\":\"https:\/\/www.maxipago.com\/developers\/apidocs\/\",\"url\":\"https:\/\/www.maxipago.com\/developers\/apidocs\/\",\"name\":\"API Docs\"}},{\"@type\":\"ListItem\",\"position\":3,\"item\":{\"@id\":\"https:\/\/www.maxipago.com\/developers\/apidocs\/requisicoes-de-cadastro\/#webpage\"}}]}]}<\/script>\n<!-- \/ Yoast SEO plugin. -->","_links":{"self":[{"href":"https:\/\/www.maxipago.com\/developers\/wp-json\/wp\/v2\/pages\/1544"}],"collection":[{"href":"https:\/\/www.maxipago.com\/developers\/wp-json\/wp\/v2\/pages"}],"about":[{"href":"https:\/\/www.maxipago.com\/developers\/wp-json\/wp\/v2\/types\/page"}],"author":[{"embeddable":true,"href":"https:\/\/www.maxipago.com\/developers\/wp-json\/wp\/v2\/users\/2"}],"replies":[{"embeddable":true,"href":"https:\/\/www.maxipago.com\/developers\/wp-json\/wp\/v2\/comments?post=1544"}],"version-history":[{"count":17,"href":"https:\/\/www.maxipago.com\/developers\/wp-json\/wp\/v2\/pages\/1544\/revisions"}],"predecessor-version":[{"id":2935,"href":"https:\/\/www.maxipago.com\/developers\/wp-json\/wp\/v2\/pages\/1544\/revisions\/2935"}],"up":[{"embeddable":true,"href":"https:\/\/www.maxipago.com\/developers\/wp-json\/wp\/v2\/pages\/15"}],"wp:attachment":[{"href":"https:\/\/www.maxipago.com\/developers\/wp-json\/wp\/v2\/media?parent=1544"}],"curies":[{"name":"wp","href":"https:\/\/api.w.org\/{rel}","templated":true}]}}