{"id":244,"date":"2017-02-09T11:49:58","date_gmt":"2017-02-09T13:49:58","guid":{"rendered":"http:\/\/maxipago.com\/developers\/?page_id=244"},"modified":"2023-05-15T16:46:44","modified_gmt":"2023-05-15T19:46:44","slug":"abra-um-chamado","status":"publish","type":"page","link":"https:\/\/www.maxipago.com\/developers\/suporte\/abra-um-chamado\/","title":{"rendered":"Abra um chamado"},"content":{"rendered":"\n<p>Nenhuma das op\u00e7\u00f5es resolveu ?<\/p>\n\n\n\n<p>Entre em contato com nossos especialistas: ecommerce@userede.com.br<\/p>\n\n\n\n<p><\/p>\n\n\n\n<hr class=\"wp-block-separator\"\/>\n\n\n\n<p><strong>Se voc\u00ea esqueceu sua Chave de Estabelecimento\/Merchant Key <a href=\"https:\/\/www.maxipago.com\/developers\/esqueci-a-chave-de-estabelecimento-merchant-key\/\">clique aqui<\/a><\/strong><\/p>\n\n\n\n<p><\/p>\n","protected":false},"excerpt":{"rendered":"<p>Nenhuma das op\u00e7\u00f5es resolveu ? Entre em contato com nossos especialistas: ecommerce@userede.com.br Se voc\u00ea esqueceu sua Chave de Estabelecimento\/Merchant Key clique aqui<\/p>\n","protected":false},"author":1,"featured_media":0,"parent":9,"menu_order":0,"comment_status":"closed","ping_status":"closed","template":"","meta":{"spay_email":"","footnotes":""},"yoast_head":"<!-- This site is optimized with the Yoast SEO plugin v16.2 - https:\/\/yoast.com\/wordpress\/plugins\/seo\/ -->\n<title>Abra um chamado - Gateway Rede! Developers<\/title>\n<meta name=\"robots\" content=\"noindex, follow, max-snippet:-1, max-image-preview:large, max-video-preview:-1\" \/>\n<meta property=\"og:locale\" content=\"pt_BR\" \/>\n<meta property=\"og:type\" content=\"article\" \/>\n<meta property=\"og:title\" content=\"Abra um chamado - Gateway Rede! Developers\" \/>\n<meta property=\"og:description\" content=\"Nenhuma das op\u00e7\u00f5es resolveu ? Entre em contato com nossos especialistas: ecommerce@userede.com.br Se voc\u00ea esqueceu sua Chave de Estabelecimento\/Merchant Key clique aqui\" \/>\n<meta property=\"og:url\" content=\"https:\/\/www.maxipago.com\/developers\/suporte\/abra-um-chamado\/\" \/>\n<meta property=\"og:site_name\" content=\"Gateway Rede! Developers\" \/>\n<meta property=\"article:publisher\" content=\"https:\/\/www.facebook.com\/maxiPago-193308344142172\/?fref=ts\" \/>\n<meta property=\"article:modified_time\" content=\"2023-05-15T19:46:44+00:00\" \/>\n<meta name=\"twitter:card\" content=\"summary\" \/>\n<meta name=\"twitter:label1\" content=\"Est. tempo de leitura\">\n\t<meta name=\"twitter:data1\" content=\"1 minuto\">\n<script type=\"application\/ld+json\" class=\"yoast-schema-graph\">{\"@context\":\"https:\/\/schema.org\",\"@graph\":[{\"@type\":\"WebSite\",\"@id\":\"https:\/\/www.maxipago.com\/developers\/#website\",\"url\":\"https:\/\/www.maxipago.com\/developers\/\",\"name\":\"Gateway Rede! Developers\",\"description\":\"Portal de Desenvolvedores - Gateway Rede!\",\"potentialAction\":[{\"@type\":\"SearchAction\",\"target\":\"https:\/\/www.maxipago.com\/developers\/?s={search_term_string}\",\"query-input\":\"required name=search_term_string\"}],\"inLanguage\":\"pt-BR\"},{\"@type\":\"WebPage\",\"@id\":\"https:\/\/www.maxipago.com\/developers\/suporte\/abra-um-chamado\/#webpage\",\"url\":\"https:\/\/www.maxipago.com\/developers\/suporte\/abra-um-chamado\/\",\"name\":\"Abra um chamado - Gateway Rede! Developers\",\"isPartOf\":{\"@id\":\"https:\/\/www.maxipago.com\/developers\/#website\"},\"datePublished\":\"2017-02-09T13:49:58+00:00\",\"dateModified\":\"2023-05-15T19:46:44+00:00\",\"breadcrumb\":{\"@id\":\"https:\/\/www.maxipago.com\/developers\/suporte\/abra-um-chamado\/#breadcrumb\"},\"inLanguage\":\"pt-BR\",\"potentialAction\":[{\"@type\":\"ReadAction\",\"target\":[\"https:\/\/www.maxipago.com\/developers\/suporte\/abra-um-chamado\/\"]}]},{\"@type\":\"BreadcrumbList\",\"@id\":\"https:\/\/www.maxipago.com\/developers\/suporte\/abra-um-chamado\/#breadcrumb\",\"itemListElement\":[{\"@type\":\"ListItem\",\"position\":1,\"item\":{\"@type\":\"WebPage\",\"@id\":\"https:\/\/www.maxipago.com\/developers\/\",\"url\":\"https:\/\/www.maxipago.com\/developers\/\",\"name\":\"In\\u00edcio\"}},{\"@type\":\"ListItem\",\"position\":2,\"item\":{\"@type\":\"WebPage\",\"@id\":\"https:\/\/www.maxipago.com\/developers\/suporte\/\",\"url\":\"https:\/\/www.maxipago.com\/developers\/suporte\/\",\"name\":\"Suporte\"}},{\"@type\":\"ListItem\",\"position\":3,\"item\":{\"@id\":\"https:\/\/www.maxipago.com\/developers\/suporte\/abra-um-chamado\/#webpage\"}}]}]}<\/script>\n<!-- \/ Yoast SEO plugin. -->","_links":{"self":[{"href":"https:\/\/www.maxipago.com\/developers\/wp-json\/wp\/v2\/pages\/244"}],"collection":[{"href":"https:\/\/www.maxipago.com\/developers\/wp-json\/wp\/v2\/pages"}],"about":[{"href":"https:\/\/www.maxipago.com\/developers\/wp-json\/wp\/v2\/types\/page"}],"author":[{"embeddable":true,"href":"https:\/\/www.maxipago.com\/developers\/wp-json\/wp\/v2\/users\/1"}],"replies":[{"embeddable":true,"href":"https:\/\/www.maxipago.com\/developers\/wp-json\/wp\/v2\/comments?post=244"}],"version-history":[{"count":9,"href":"https:\/\/www.maxipago.com\/developers\/wp-json\/wp\/v2\/pages\/244\/revisions"}],"predecessor-version":[{"id":3465,"href":"https:\/\/www.maxipago.com\/developers\/wp-json\/wp\/v2\/pages\/244\/revisions\/3465"}],"up":[{"embeddable":true,"href":"https:\/\/www.maxipago.com\/developers\/wp-json\/wp\/v2\/pages\/9"}],"wp:attachment":[{"href":"https:\/\/www.maxipago.com\/developers\/wp-json\/wp\/v2\/media?parent=244"}],"curies":[{"name":"wp","href":"https:\/\/api.w.org\/{rel}","templated":true}]}}