{"id":257,"date":"2017-02-13T08:02:11","date_gmt":"2017-02-13T10:02:11","guid":{"rendered":"http:\/\/maxipago.com\/developers\/?page_id=257"},"modified":"2023-01-17T16:51:27","modified_gmt":"2023-01-17T19:51:27","slug":"transferencia-bancaria-itau","status":"publish","type":"page","link":"https:\/\/www.maxipago.com\/developers\/apidocs\/afiliacoes\/transferencia-bancaria-itau\/","title":{"rendered":"Transfer\u00eancia Ita\u00fa"},"content":{"rendered":"<p style=\"font-size: medium;\" align=\"justify\">Para iniciar a utiliza\u00e7\u00e3o da transfer\u00eancia banc\u00e1ria com o banco Ita\u00fa, solicitamos que entre em contato com o seu gerente e solicite a funcionalidade Ita\u00fa Shopline.<\/p>\n<p>Mediante a essa solicita\u00e7\u00e3o ser\u00e1 necess\u00e1rio que o respons\u00e1vel pelo estabelecimento assine um contrato para adquirir esse servi\u00e7o junto ao banco Ita\u00fa.<\/p>\n<p style=\"font-size: medium;\" align=\"justify\">Assim que o contrato for liberado, voc\u00ea receber\u00e1 um e-mail como esse:<\/p>\n<table style=\"height: 571px;\" width=\"969\">\n<tbody>\n<tr>\n<td>\n<table style=\"height: 561px;\" width=\"1039\">\n<tbody>\n<tr>\n<td width=\"515\"><em>Prezado Cliente,<\/em><p><\/p>\n<p><em>Estamos confirmando a libera\u00e7\u00e3o do seu site: XXXXXXXXX<\/em><\/p>\n<p><em>Para utilizar o Ita\u00fa Shopline, o meio de pagamento seguro do Ita\u00fa na Internet.<\/em><\/p>\n<p><em>Parab\u00e9ns! Agora o primeiro passo \u00e9 criar a chave de criptografia para come\u00e7ar a utilizar o Shopline no seu site, para criar a chave basta acessar:<\/em><\/p>\n<p>Ita\u00fa 30 horas Empresa: Cobran\u00e7a &gt;&gt; Ita\u00fa Shopline &gt;&gt; Situa\u00e7\u00e3o do Contrato &gt;&gt; Cria Chave de Criptografia.<\/p>\n<p>Ita\u00fa 30 horas Empresa Plus: Recebimentos &gt;&gt; Ita\u00fa Shopline &gt;&gt; Situa\u00e7\u00e3o do Contrato &gt;&gt; Cria Chave de Criptografia.<\/p>\n<p><em>Atenciosamente,<\/em><\/p>\n<p><em>Equipe Ita\u00fa Shopline<br>\nBanco Ita\u00fa &#8211; Diretoria de Produtos Pessoa Jur\u00eddica<\/em><\/p>\n<p><em>Ita\u00fa Shopline, o jeito seguro de pagar pela internet!<\/em><\/p><\/td>\n<\/tr>\n<\/tbody>\n<\/table>\n<\/td>\n<\/tr>\n<\/tbody>\n<\/table>\n<p style=\"font-size: medium;\" align=\"justify\">Ap\u00f3s o recebimento desse e-mail solicitamos que cadastre as URL\u00b4s da maxiPago! no site do Ita\u00fa e gere uma chave, para n\u00f3s, dentro desse site como mostraremos abaixo:<\/p>\n<ul>\n<li>\n<p style=\"font-size: medium;\" align=\"justify\">Entre no seu Ita\u00fa Bankline e selecione no painel a op\u00e7\u00e3o &#8220;<em>Recebimentos<\/em>&#8220;<\/p>\n<\/li>\n<li>\n<p style=\"font-size: medium;\" align=\"justify\">Na homepage de Cobran\u00e7a, dentro da categoria &#8220;<em>Ita\u00fa Shopline \u2013 Com\u00e9rcio Eletr\u00f4nico<\/em>&#8220;, clique na op\u00e7\u00e3o &#8220;<em>Informa\u00e7\u00f5es Cadastrais<\/em>&#8220;.<\/p>\n<\/li>\n<li>\n<p style=\"font-size: medium;\" align=\"justify\">Selecionando a op\u00e7\u00e3o &#8220;<em>Informa\u00e7\u00f5es Cadastrais<\/em>&#8220;, voc\u00ea ser\u00e1 transferido para a p\u00e1gina abaixo. Nela voc\u00ea dever\u00e1 preencher as informa\u00e7\u00f5es de &#8220;<em>Dados Adicionais<\/em>&#8221; e gerar uma chave para a maxiPago!. Essa chave voc\u00ea gerar\u00e1 ao clicar em &#8220;<em>Para Alterar a Chave Clique Aqui<\/em>&#8220;.Aten\u00e7\u00e3o: N\u00e3o preencha os dados em Boleto Banc\u00e1rio e Cart\u00e3o de Cr\u00e9dito.<\/p>\n<\/li>\n<li>\n<p style=\"font-size: medium;\" align=\"justify\">Ap\u00f3s clicar em <em>&#8220;Para Alterar a Chave Clique Aqui&#8221;<\/em>, voc\u00ea ser\u00e1 transferido para a p\u00e1gina de <em>&#8220;Altera\u00e7\u00e3o da Chave de Criptografia&#8221;<\/em> onde voc\u00ea dever\u00e1 criar uma nova chave para a maxiPago! seguindo as regras para a cria\u00e7\u00e3o de chave que voc\u00ea encontrar\u00e1 clicando em Regras Para Cria\u00e7\u00e3o De Chave.<\/p>\n<\/li>\n<\/ul>\n<table width=\"100%\">\n<tbody>\n<tr>\n<td>\n<p style=\"font-size: medium;\" align=\"justify\">Ap\u00f3s cadastrar a chave pedimos que, no final da p\u00e1gina de Informa\u00e7\u00f5es cadastrais, no campo Retorno Online\/ Sonda, voc\u00ea cadastre a URL <a style=\"color: #ff6600;\" href=\"https:\/\/authentication.maxipago.net\/redirection_service\/debit\"><em>https:\/\/authentication.maxipago.net\/redirection_service\/debit<\/em><\/a>.<\/p>\n<\/td>\n<\/tr>\n<\/tbody>\n<\/table>\n<p style=\"font-size: medium;\" align=\"justify\">Ap\u00f3s a conclus\u00e3o desse processo, solicitamos que envie a chave por voc\u00ea criada para nossa equipe atrav\u00e9s do e-mail <a style=\"color: #ff6600;\" href=\"mailto:suporte@maxipago.com\">suporte@maxipago.com<\/a>.<\/p>\n<h3 style=\"color: #e06b08;\">Meios de pagamento no Ita\u00fa Shopline<\/h3>\n<p style=\"font-size: medium;\" align=\"justify\">O sistema Ita\u00fa Shopline possui diversos meios de pagamento, como Transfer\u00eancia Banc\u00e1ria, Credi\u00e1rio, Boleto e Cart\u00e3o de Cr\u00e9dito via Rede. Contudo, a maxiPago! suporta apenas a &#8220;Transfer\u00eancia Banc\u00e1ria&#8221;, j\u00e1 que os demais de pagamento s\u00e3o processados de outra forma dentro de nossa plataforma.<\/p>\n<p style=\"font-size: medium;\" align=\"justify\">Para o correto funcionamento do Ita\u00fa Shopline \u00e9 preciso desabilitar os outros meios de pagamento. Para isto, contate seu gerente e pe\u00e7a para deixar habilitado somente a &#8220;Transfer\u00eancia Banc\u00e1ria \u00e0 Vista&#8221;.<\/p>\n\n\n<div style=\"height:28px\" aria-hidden=\"true\" class=\"wp-block-spacer\"><\/div>\n\n\n\n<h3 class=\"wp-block-heading\"><span class=\"has-inline-color has-luminous-vivid-orange-color\">Libera\u00e7\u00e3o dos IP\u00b4s maxiPago!<\/span><\/h3>\n\n\n\n<div style=\"height:23px\" aria-hidden=\"true\" class=\"wp-block-spacer\"><\/div>\n\n\n\n<p>Algumas empresas necessitam dos IP\u00b4s de sa\u00edda da maxiPago!. Recomendamos a verifica\u00e7\u00e3o dessa permiss\u00e3o utilizando os IPs abaixo:<\/p>\n\n\n\n<ul><li><strong>52.207.83.230<\/strong><\/li><li><strong>54.237.160.163<\/strong><\/li><\/ul>\n","protected":false},"excerpt":{"rendered":"<p>Para iniciar a utiliza\u00e7\u00e3o da transfer\u00eancia banc\u00e1ria com o banco Ita\u00fa, solicitamos que entre em contato com o seu gerente e solicite a funcionalidade Ita\u00fa Shopline. Mediante a essa solicita\u00e7\u00e3o ser\u00e1 necess\u00e1rio que o respons\u00e1vel pelo estabelecimento assine um contrato para adquirir esse servi\u00e7o junto ao banco Ita\u00fa. Assim que o contrato for liberado, voc\u00ea [&hellip;]<\/p>\n","protected":false},"author":2,"featured_media":0,"parent":27,"menu_order":0,"comment_status":"closed","ping_status":"closed","template":"page-full.php","meta":{"spay_email":"","footnotes":""},"yoast_head":"<!-- This site is optimized with the Yoast SEO plugin v16.2 - https:\/\/yoast.com\/wordpress\/plugins\/seo\/ -->\n<title>Transfer\u00eancia Ita\u00fa - Gateway Rede! Developers<\/title>\n<meta name=\"robots\" content=\"noindex, follow, max-snippet:-1, max-image-preview:large, max-video-preview:-1\" \/>\n<meta property=\"og:locale\" content=\"pt_BR\" \/>\n<meta property=\"og:type\" content=\"article\" \/>\n<meta property=\"og:title\" content=\"Transfer\u00eancia Ita\u00fa - Gateway Rede! Developers\" \/>\n<meta property=\"og:description\" content=\"Para iniciar a utiliza\u00e7\u00e3o da transfer\u00eancia banc\u00e1ria com o banco Ita\u00fa, solicitamos que entre em contato com o seu gerente e solicite a funcionalidade Ita\u00fa Shopline. Mediante a essa solicita\u00e7\u00e3o ser\u00e1 necess\u00e1rio que o respons\u00e1vel pelo estabelecimento assine um contrato para adquirir esse servi\u00e7o junto ao banco Ita\u00fa. Assim que o contrato for liberado, voc\u00ea [&hellip;]\" \/>\n<meta property=\"og:url\" content=\"https:\/\/www.maxipago.com\/developers\/apidocs\/afiliacoes\/transferencia-bancaria-itau\/\" \/>\n<meta property=\"og:site_name\" content=\"Gateway Rede! Developers\" \/>\n<meta property=\"article:publisher\" content=\"https:\/\/www.facebook.com\/maxiPago-193308344142172\/?fref=ts\" \/>\n<meta property=\"article:modified_time\" content=\"2023-01-17T19:51:27+00:00\" \/>\n<meta name=\"twitter:card\" content=\"summary\" \/>\n<meta name=\"twitter:label1\" content=\"Est. tempo de leitura\">\n\t<meta name=\"twitter:data1\" content=\"3 minutos\">\n<script type=\"application\/ld+json\" class=\"yoast-schema-graph\">{\"@context\":\"https:\/\/schema.org\",\"@graph\":[{\"@type\":\"WebSite\",\"@id\":\"https:\/\/www.maxipago.com\/developers\/#website\",\"url\":\"https:\/\/www.maxipago.com\/developers\/\",\"name\":\"Gateway Rede! Developers\",\"description\":\"Portal de Desenvolvedores - Gateway Rede!\",\"potentialAction\":[{\"@type\":\"SearchAction\",\"target\":\"https:\/\/www.maxipago.com\/developers\/?s={search_term_string}\",\"query-input\":\"required name=search_term_string\"}],\"inLanguage\":\"pt-BR\"},{\"@type\":\"WebPage\",\"@id\":\"https:\/\/www.maxipago.com\/developers\/apidocs\/afiliacoes\/transferencia-bancaria-itau\/#webpage\",\"url\":\"https:\/\/www.maxipago.com\/developers\/apidocs\/afiliacoes\/transferencia-bancaria-itau\/\",\"name\":\"Transfer\\u00eancia Ita\\u00fa - Gateway Rede! Developers\",\"isPartOf\":{\"@id\":\"https:\/\/www.maxipago.com\/developers\/#website\"},\"datePublished\":\"2017-02-13T10:02:11+00:00\",\"dateModified\":\"2023-01-17T19:51:27+00:00\",\"breadcrumb\":{\"@id\":\"https:\/\/www.maxipago.com\/developers\/apidocs\/afiliacoes\/transferencia-bancaria-itau\/#breadcrumb\"},\"inLanguage\":\"pt-BR\",\"potentialAction\":[{\"@type\":\"ReadAction\",\"target\":[\"https:\/\/www.maxipago.com\/developers\/apidocs\/afiliacoes\/transferencia-bancaria-itau\/\"]}]},{\"@type\":\"BreadcrumbList\",\"@id\":\"https:\/\/www.maxipago.com\/developers\/apidocs\/afiliacoes\/transferencia-bancaria-itau\/#breadcrumb\",\"itemListElement\":[{\"@type\":\"ListItem\",\"position\":1,\"item\":{\"@type\":\"WebPage\",\"@id\":\"https:\/\/www.maxipago.com\/developers\/\",\"url\":\"https:\/\/www.maxipago.com\/developers\/\",\"name\":\"In\\u00edcio\"}},{\"@type\":\"ListItem\",\"position\":2,\"item\":{\"@type\":\"WebPage\",\"@id\":\"https:\/\/www.maxipago.com\/developers\/apidocs\/\",\"url\":\"https:\/\/www.maxipago.com\/developers\/apidocs\/\",\"name\":\"API Docs\"}},{\"@type\":\"ListItem\",\"position\":3,\"item\":{\"@type\":\"WebPage\",\"@id\":\"https:\/\/www.maxipago.com\/developers\/apidocs\/afiliacoes\/\",\"url\":\"https:\/\/www.maxipago.com\/developers\/apidocs\/afiliacoes\/\",\"name\":\"Guia de Afilia\\u00e7\\u00f5es\"}},{\"@type\":\"ListItem\",\"position\":4,\"item\":{\"@id\":\"https:\/\/www.maxipago.com\/developers\/apidocs\/afiliacoes\/transferencia-bancaria-itau\/#webpage\"}}]}]}<\/script>\n<!-- \/ Yoast SEO plugin. -->","_links":{"self":[{"href":"https:\/\/www.maxipago.com\/developers\/wp-json\/wp\/v2\/pages\/257"}],"collection":[{"href":"https:\/\/www.maxipago.com\/developers\/wp-json\/wp\/v2\/pages"}],"about":[{"href":"https:\/\/www.maxipago.com\/developers\/wp-json\/wp\/v2\/types\/page"}],"author":[{"embeddable":true,"href":"https:\/\/www.maxipago.com\/developers\/wp-json\/wp\/v2\/users\/2"}],"replies":[{"embeddable":true,"href":"https:\/\/www.maxipago.com\/developers\/wp-json\/wp\/v2\/comments?post=257"}],"version-history":[{"count":14,"href":"https:\/\/www.maxipago.com\/developers\/wp-json\/wp\/v2\/pages\/257\/revisions"}],"predecessor-version":[{"id":2961,"href":"https:\/\/www.maxipago.com\/developers\/wp-json\/wp\/v2\/pages\/257\/revisions\/2961"}],"up":[{"embeddable":true,"href":"https:\/\/www.maxipago.com\/developers\/wp-json\/wp\/v2\/pages\/27"}],"wp:attachment":[{"href":"https:\/\/www.maxipago.com\/developers\/wp-json\/wp\/v2\/media?parent=257"}],"curies":[{"name":"wp","href":"https:\/\/api.w.org\/{rel}","templated":true}]}}