{"id":3847,"date":"2024-01-05T16:41:15","date_gmt":"2024-01-05T19:41:15","guid":{"rendered":"https:\/\/www.maxipago.com\/developers\/?page_id=3847"},"modified":"2024-01-05T16:43:05","modified_gmt":"2024-01-05T19:43:05","slug":"configuracao-de-notificacao","status":"publish","type":"page","link":"https:\/\/www.maxipago.com\/developers\/configuracao-de-notificacao\/","title":{"rendered":"Configura\u00e7\u00e3o de Notifica\u00e7\u00f5es"},"content":{"rendered":"\n<p><strong><mark style=\"background-color:rgba(0, 0, 0, 0)\" class=\"has-inline-color has-colibri-color-2-color\"><strong>1.1 Notifica\u00e7\u00e3o de Transa\u00e7\u00e3o e Link\/ordem de Pagamento ao Lojista<\/strong><\/mark><\/strong><\/p>\n\n\n\n<p>O lojista pode receber notifica\u00e7\u00f5es em seu e-mail para cada transa\u00e7\u00e3o e link\/ordem de pagamento realizados no Portal.<\/p>\n\n\n\n<figure class=\"wp-block-image size-full is-resized\"><img decoding=\"async\" width=\"1008\" height=\"384\" src=\"https:\/\/www.maxipago.com\/developers\/wp-content\/uploads\/2024\/01\/image-58.png\" alt=\"\" class=\"wp-image-3853\" style=\"aspect-ratio:2.625;width:917px;height:auto\" srcset=\"https:\/\/www.maxipago.com\/developers\/wp-content\/uploads\/2024\/01\/image-58.png 1008w, https:\/\/www.maxipago.com\/developers\/wp-content\/uploads\/2024\/01\/image-58-300x114.png 300w, https:\/\/www.maxipago.com\/developers\/wp-content\/uploads\/2024\/01\/image-58-768x293.png 768w\" sizes=\"(max-width: 1008px) 100vw, 1008px\" \/><\/figure>\n\n\n\n<ul>\n<li>Clique em <strong>&#8220;Admin&#8221; (1):<\/strong><\/li>\n\n\n\n<li>Clique em <strong>&#8220;Configura\u00e7\u00f5es&#8221; (2):<\/strong><\/li>\n\n\n\n<li>Clique em <strong>\u201cEnviar-me notifica\u00e7\u00e3o de transa\u00e7\u00e3o\/C\u00f3pia da Ordem de Pagamento\u201d (3):<\/strong><\/li>\n\n\n\n<li>Clique em <strong>&#8220;Salvar&#8221; (4).<\/strong><\/li>\n<\/ul>\n\n\n\n<div style=\"height:100px\" aria-hidden=\"true\" class=\"wp-block-spacer\"><\/div>\n\n\n\n<h4 class=\"wp-block-heading\"><strong><mark style=\"background-color:rgba(0, 0, 0, 0)\" class=\"has-inline-color has-colibri-color-2-color\">1.2 Enviar Notifica\u00e7\u00e3o da Transa\u00e7\u00e3o ao Cliente<\/mark><\/strong><\/h4>\n\n\n\n<p>O lojista pode enviar notifica\u00e7\u00f5es no e-mail de seus clientes para cada transa\u00e7\u00e3o:<\/p>\n\n\n\n<p><\/p>\n\n\n\n<figure class=\"wp-block-image size-large\"><img decoding=\"async\" width=\"1024\" height=\"411\" src=\"https:\/\/www.maxipago.com\/developers\/wp-content\/uploads\/2024\/01\/image-59-1024x411.png\" alt=\"\" class=\"wp-image-3854\" srcset=\"https:\/\/www.maxipago.com\/developers\/wp-content\/uploads\/2024\/01\/image-59-1024x411.png 1024w, https:\/\/www.maxipago.com\/developers\/wp-content\/uploads\/2024\/01\/image-59-300x120.png 300w, https:\/\/www.maxipago.com\/developers\/wp-content\/uploads\/2024\/01\/image-59-768x308.png 768w, https:\/\/www.maxipago.com\/developers\/wp-content\/uploads\/2024\/01\/image-59.png 1226w\" sizes=\"(max-width: 1024px) 100vw, 1024px\" \/><\/figure>\n\n\n\n<ul>\n<li>Clique em <strong>&#8220;Admin&#8221; (1):<\/strong><\/li>\n\n\n\n<li>Clique em <strong>&#8220;Configura\u00e7\u00f5es&#8221; (2):<\/strong><\/li>\n\n\n\n<li>Clique em <strong>\u201cEnviar notifica\u00e7\u00e3o de transa\u00e7\u00e3o para o cliente\u201d (3):<\/strong><\/li>\n\n\n\n<li>Clique em <strong>&#8220;Salvar&#8221; (4).<\/strong><\/li>\n<\/ul>\n\n\n\n<div style=\"height:100px\" aria-hidden=\"true\" class=\"wp-block-spacer\"><\/div>\n\n\n\n<p><strong><mark style=\"background-color:rgba(0, 0, 0, 0)\" class=\"has-inline-color has-colibri-color-2-color\">1.3 Enviar Notifica\u00e7\u00e3o de Vencimento do Cart\u00e3o do Cliente ao Lojista<\/mark><\/strong><\/p>\n\n\n\n<p>\u00c9 poss\u00edvel determinar uma quantidade de dias (que antecedem o vencimento de um cart\u00e3o), para receber uma notifica\u00e7\u00e3o por e-mail, com a lista de quais cart\u00f5es est\u00e3o dentro da validade.<\/p>\n\n\n\n<figure class=\"wp-block-image size-large\"><img decoding=\"async\" width=\"1024\" height=\"391\" src=\"https:\/\/www.maxipago.com\/developers\/wp-content\/uploads\/2024\/01\/image-61-1024x391.png\" alt=\"\" class=\"wp-image-3856\" srcset=\"https:\/\/www.maxipago.com\/developers\/wp-content\/uploads\/2024\/01\/image-61-1024x391.png 1024w, https:\/\/www.maxipago.com\/developers\/wp-content\/uploads\/2024\/01\/image-61-300x114.png 300w, https:\/\/www.maxipago.com\/developers\/wp-content\/uploads\/2024\/01\/image-61-768x293.png 768w, https:\/\/www.maxipago.com\/developers\/wp-content\/uploads\/2024\/01\/image-61.png 1290w\" sizes=\"(max-width: 1024px) 100vw, 1024px\" \/><\/figure>\n\n\n\n<ul>\n<li>Clique em <strong>&#8220;Admin&#8221; (1):<\/strong><\/li>\n\n\n\n<li>Clique em <strong>&#8220;Configura\u00e7\u00f5es&#8221; (2):<\/strong><\/li>\n\n\n\n<li>Clique em <strong>\u201cEnviar-me notifica\u00e7\u00e3o de vencimento de cart\u00e3o salvo na base\u201d (3):<\/strong><\/li>\n\n\n\n<li>Preencha com a <strong>&#8220;Quatidade de dias desejado&#8221; (4)<\/strong><\/li>\n\n\n\n<li>Clique em <strong>&#8220;Salvar&#8221; (5).<\/strong><\/li>\n<\/ul>\n\n\n\n<p><\/p>\n\n\n\n<p><\/p>\n\n\n\n<p><\/p>\n\n\n\n<p><\/p>\n\n\n\n<p><\/p>\n\n\n\n<p><\/p>\n\n\n\n<p><\/p>\n\n\n\n<p><\/p>\n\n\n\n<p><\/p>\n\n\n\n<p><\/p>\n\n\n\n<p><\/p>\n\n\n\n<p><\/p>\n\n\n\n<p><\/p>\n\n\n\n<p><\/p>\n\n\n\n<p><\/p>\n\n\n\n<p><\/p>\n\n\n\n<p><\/p>\n\n\n\n<p><\/p>\n","protected":false},"excerpt":{"rendered":"<p>1.1 Notifica\u00e7\u00e3o de Transa\u00e7\u00e3o e Link\/ordem de Pagamento ao Lojista O lojista pode receber notifica\u00e7\u00f5es em seu e-mail para cada transa\u00e7\u00e3o e link\/ordem de pagamento realizados no Portal. 1.2 Enviar Notifica\u00e7\u00e3o da Transa\u00e7\u00e3o ao Cliente O lojista pode enviar notifica\u00e7\u00f5es no e-mail de seus clientes para cada transa\u00e7\u00e3o: 1.3 Enviar Notifica\u00e7\u00e3o de Vencimento do Cart\u00e3o [&hellip;]<\/p>\n","protected":false},"author":9,"featured_media":0,"parent":0,"menu_order":0,"comment_status":"closed","ping_status":"closed","template":"","meta":{"spay_email":"","footnotes":""},"yoast_head":"<!-- This site is optimized with the Yoast SEO plugin v16.2 - https:\/\/yoast.com\/wordpress\/plugins\/seo\/ -->\n<title>Configura\u00e7\u00e3o de Notifica\u00e7\u00f5es - Gateway Rede! Developers<\/title>\n<meta name=\"robots\" content=\"noindex, follow, max-snippet:-1, max-image-preview:large, max-video-preview:-1\" \/>\n<meta property=\"og:locale\" content=\"pt_BR\" \/>\n<meta property=\"og:type\" content=\"article\" \/>\n<meta property=\"og:title\" content=\"Configura\u00e7\u00e3o de Notifica\u00e7\u00f5es - Gateway Rede! Developers\" \/>\n<meta property=\"og:description\" content=\"1.1 Notifica\u00e7\u00e3o de Transa\u00e7\u00e3o e Link\/ordem de Pagamento ao Lojista O lojista pode receber notifica\u00e7\u00f5es em seu e-mail para cada transa\u00e7\u00e3o e link\/ordem de pagamento realizados no Portal. 1.2 Enviar Notifica\u00e7\u00e3o da Transa\u00e7\u00e3o ao Cliente O lojista pode enviar notifica\u00e7\u00f5es no e-mail de seus clientes para cada transa\u00e7\u00e3o: 1.3 Enviar Notifica\u00e7\u00e3o de Vencimento do Cart\u00e3o [&hellip;]\" \/>\n<meta property=\"og:url\" content=\"https:\/\/www.maxipago.com\/developers\/configuracao-de-notificacao\/\" \/>\n<meta property=\"og:site_name\" content=\"Gateway Rede! Developers\" \/>\n<meta property=\"article:publisher\" content=\"https:\/\/www.facebook.com\/maxiPago-193308344142172\/?fref=ts\" \/>\n<meta property=\"article:modified_time\" content=\"2024-01-05T19:43:05+00:00\" \/>\n<meta property=\"og:image\" content=\"https:\/\/www.maxipago.com\/developers\/wp-content\/uploads\/2024\/01\/image-58.png\" \/>\n<meta name=\"twitter:card\" content=\"summary\" \/>\n<meta name=\"twitter:label1\" content=\"Est. tempo de leitura\">\n\t<meta name=\"twitter:data1\" content=\"2 minutos\">\n<script type=\"application\/ld+json\" class=\"yoast-schema-graph\">{\"@context\":\"https:\/\/schema.org\",\"@graph\":[{\"@type\":\"WebSite\",\"@id\":\"https:\/\/www.maxipago.com\/developers\/#website\",\"url\":\"https:\/\/www.maxipago.com\/developers\/\",\"name\":\"Gateway Rede! Developers\",\"description\":\"Portal de Desenvolvedores - Gateway Rede!\",\"potentialAction\":[{\"@type\":\"SearchAction\",\"target\":\"https:\/\/www.maxipago.com\/developers\/?s={search_term_string}\",\"query-input\":\"required name=search_term_string\"}],\"inLanguage\":\"pt-BR\"},{\"@type\":\"ImageObject\",\"@id\":\"https:\/\/www.maxipago.com\/developers\/configuracao-de-notificacao\/#primaryimage\",\"inLanguage\":\"pt-BR\",\"url\":\"https:\/\/www.maxipago.com\/developers\/wp-content\/uploads\/2024\/01\/image-58.png\",\"contentUrl\":\"https:\/\/www.maxipago.com\/developers\/wp-content\/uploads\/2024\/01\/image-58.png\",\"width\":1008,\"height\":384},{\"@type\":\"WebPage\",\"@id\":\"https:\/\/www.maxipago.com\/developers\/configuracao-de-notificacao\/#webpage\",\"url\":\"https:\/\/www.maxipago.com\/developers\/configuracao-de-notificacao\/\",\"name\":\"Configura\\u00e7\\u00e3o de Notifica\\u00e7\\u00f5es - Gateway Rede! Developers\",\"isPartOf\":{\"@id\":\"https:\/\/www.maxipago.com\/developers\/#website\"},\"primaryImageOfPage\":{\"@id\":\"https:\/\/www.maxipago.com\/developers\/configuracao-de-notificacao\/#primaryimage\"},\"datePublished\":\"2024-01-05T19:41:15+00:00\",\"dateModified\":\"2024-01-05T19:43:05+00:00\",\"breadcrumb\":{\"@id\":\"https:\/\/www.maxipago.com\/developers\/configuracao-de-notificacao\/#breadcrumb\"},\"inLanguage\":\"pt-BR\",\"potentialAction\":[{\"@type\":\"ReadAction\",\"target\":[\"https:\/\/www.maxipago.com\/developers\/configuracao-de-notificacao\/\"]}]},{\"@type\":\"BreadcrumbList\",\"@id\":\"https:\/\/www.maxipago.com\/developers\/configuracao-de-notificacao\/#breadcrumb\",\"itemListElement\":[{\"@type\":\"ListItem\",\"position\":1,\"item\":{\"@type\":\"WebPage\",\"@id\":\"https:\/\/www.maxipago.com\/developers\/\",\"url\":\"https:\/\/www.maxipago.com\/developers\/\",\"name\":\"In\\u00edcio\"}},{\"@type\":\"ListItem\",\"position\":2,\"item\":{\"@id\":\"https:\/\/www.maxipago.com\/developers\/configuracao-de-notificacao\/#webpage\"}}]}]}<\/script>\n<!-- \/ Yoast SEO plugin. -->","_links":{"self":[{"href":"https:\/\/www.maxipago.com\/developers\/wp-json\/wp\/v2\/pages\/3847"}],"collection":[{"href":"https:\/\/www.maxipago.com\/developers\/wp-json\/wp\/v2\/pages"}],"about":[{"href":"https:\/\/www.maxipago.com\/developers\/wp-json\/wp\/v2\/types\/page"}],"author":[{"embeddable":true,"href":"https:\/\/www.maxipago.com\/developers\/wp-json\/wp\/v2\/users\/9"}],"replies":[{"embeddable":true,"href":"https:\/\/www.maxipago.com\/developers\/wp-json\/wp\/v2\/comments?post=3847"}],"version-history":[{"count":2,"href":"https:\/\/www.maxipago.com\/developers\/wp-json\/wp\/v2\/pages\/3847\/revisions"}],"predecessor-version":[{"id":3859,"href":"https:\/\/www.maxipago.com\/developers\/wp-json\/wp\/v2\/pages\/3847\/revisions\/3859"}],"wp:attachment":[{"href":"https:\/\/www.maxipago.com\/developers\/wp-json\/wp\/v2\/media?parent=3847"}],"curies":[{"name":"wp","href":"https:\/\/api.w.org\/{rel}","templated":true}]}}