{"id":4194,"date":"2024-10-29T16:36:51","date_gmt":"2024-10-29T19:36:51","guid":{"rendered":"https:\/\/www.maxipago.com\/developers\/?page_id=4194"},"modified":"2024-11-01T09:17:07","modified_gmt":"2024-11-01T12:17:07","slug":"boleto-itau-na-vtex","status":"publish","type":"page","link":"https:\/\/www.maxipago.com\/developers\/boleto-itau-na-vtex\/","title":{"rendered":"Boleto Ita\u00fa na VTEX"},"content":{"rendered":"\n<p><mark style=\"background-color:rgba(0, 0, 0, 0)\" class=\"has-inline-color has-colibri-color-6-color\">Aten\u00e7\u00e3o: caso voc\u00ea j\u00e1 tenha uma loja criada e em uso na Maxipago e seja o primeiro uso para Conector na VTEX \u00e9 necess\u00e1rio pedir para seu contato comercial (Cash\/Gerente\/Especialista) solicitar para a central de Atendimento a configura\u00e7\u00e3o da loja para VTEX, enviando o dado de merchantKey do cliente<\/mark> no chamado. <\/p>\n\n\n\n<p>Como acessar a MerchantKey (chave de API): https:\/\/www.maxipago.com\/developers\/esqueci-a-chave-de-estabelecimento-merchant-key\/<\/p>\n\n\n\n<p style=\"font-size:25px\"><span style=\"background-color:rgba(0, 0, 0, 0)\" class=\"has-inline-color has-luminous-vivid-orange-color\">1. Credenciamento do Boleto Ita\u00fa<\/span><\/p>\n\n\n\n<p>Esse processo funciona exclusivamente para <strong>BOLETO ITA\u00da<\/strong>, demais bancos seguir pelo fluxo com alinhamento com comercial\/cash.<\/p>\n\n\n\n<p>A primeira etapa \u00e9 a gera\u00e7\u00e3o de credenciais do Boleto, para isso siga o passo a passo abaixo junto com o seu Cash\/Ponto focal comercial:<\/p>\n\n\n\n<p><br><mark style=\"background-color:rgba(0, 0, 0, 0)\" class=\"has-inline-color has-colibri-color-2-color\"><strong>Passo 1<\/strong><\/mark>: <strong>Informe a Chave P\u00fablica Abaixo para seu Cash e ele ir\u00e1 te retornar com as chaves de integra\u00e7\u00e3o<\/strong>, \u00e9 necess\u00e1rio que as <strong>credenciais sejam criptografadas<\/strong>. <\/p>\n\n\n\n<p><strong>Para a cria\u00e7\u00e3o das credenciais serem efetuadas com sucesso \u00e9 necess\u00e1rio que compartilhe e reforce com o comercial a chave p\u00fablica abaixo. As quebras de linhas devem se manter igual no exemplo abaixo. <\/strong><\/p>\n\n\n\n<p style=\"font-size:17px\"><strong><span class=\"has-inline-color has-colibri-color-2-color\">Aten\u00e7\u00e3o: somente credenciais CRIPTOGRAFADAS geradas a partir dessa chave p\u00fablica ser\u00e3o v\u00e1lidas no ambiente da Maxipago<\/span><\/strong><\/p>\n\n\n\n<pre class=\"wp-block-code\"><code class=\"\">MIIBIjANBgkqhkiG9w0BAQEFAAOCAQ8AMIIBCgKCAQEAoy0MfqgRWW5+UY+W1BmE\nH\/DodonktCrUxcTOysrNFfUdZlc+4u62DtbXr6GvxYfmJ\/t6UoVT6TS+KO6Ve6ks\npLCAubeZPeqhbyrYs3zDbH6GjXTd8EhJNDG8rz8ECZQ4gE3HGlneAfJ\/rcgCkgRG\npIx53QPsbSeXxF8fjfl2+70M55NW6ZKy5XjdNK8Cb38WVEIswXSGDoImvoKqu6cY\nHXxZ\/AyZTcZuVZciPO7M+FcT5UaW9gTvINIB0uJdjDYJeppkT2vmHMHVf4uKE3sm\nXkqpvV7egVDtR9dgXLYKAE80PU18NnbGehh16S1ViyZMgRSkDl8xSGhGWmWa9Uoj\nmQIDAQAB<\/code><\/pre>\n\n\n\n<p style=\"font-size:25px\"><span style=\"background-color:rgba(0, 0, 0, 0)\" class=\"has-inline-color has-luminous-vivid-orange-color\">2. Inclus\u00e3o das Credenciais na Maxipago<\/span><\/p>\n\n\n\n<p>As credenciais de Boleto chegam por e-mail do remetente<strong>:<\/strong> <strong>Ita\u00fa Unibanco &#8211; API Governan\u00e7a &lt;<a href=\"mailto:itau@itau.com.br\">itau@itau.com.br<\/a>&gt;<\/strong> no modelo abaixo com os dados necess\u00e1rios para cadastro:<\/p>\n\n\n\n<p><\/p>\n\n\n\n<figure class=\"wp-block-table\"><table><tbody><tr><td><img decoding=\"async\" src=\"https:\/\/www.itau.com.br\/media\/dam\/m\/74c4f25795bba8cb\/original\/04-pre-header-logo-empresas-x3-TR.png\" alt=\"Ita\u00fa Empresas\" style=\"width: 900px;\"> &nbsp; <img decoding=\"async\" src=\"https:\/\/www.itau.com.br\/media\/dam\/m\/99e4a7e208036ff\/original\/115249__header.png\" alt=\"Seguran\u00e7a e transpar\u00eancia na hora de alterar sua senha.\" style=\"width: 900px;\"> &nbsp; <br><strong>Ol\u00e1! Tudo bem?<\/strong> &nbsp; <strong>Que bom ter voc\u00ea aqui, no Ita\u00fa Empresas.<\/strong><br><br>Atendendo \u00e0 sua solicita\u00e7\u00e3o, seguem as credenciais para gera\u00e7\u00e3o de certificado din\u00e2mico.<br><br>O token \u00e9 v\u00e1lido por <strong>7 dias<\/strong>, ap\u00f3s esse prazo, deve ser solicitado novo cadastro.<br><br><strong>Raz\u00e3o Social:<\/strong> {Nome do Cliente}<br><strong>CNPJ:<\/strong> {00.000.000\/0000-00}<br><strong>ClientId (Criptografado):<\/strong> {clientId}<br><strong>Token Tempor\u00e1rio (Criptografado):<\/strong> {token}&nbsp; <br><strong>Chave de Sess\u00e3o:<\/strong> {chave} <br><br><strong>Importante:<\/strong> n\u00e3o compartilhe este e-mail com ningu\u00e9m, ele \u00e9 para o seu uso exclusivo e deve ser utilizado somente para gerar o seu certificado de acesso \u00e0s APIs do Ita\u00fa Empresas. Para mais informa\u00e7\u00f5es sobre como utilizar os dados acima, <a href=\"https:\/\/devportal.itau.com.br\/certificado-dinamico\"><u>acesse a documenta\u00e7\u00e3o dispon\u00edvel aos desenvolvedores<\/u><\/a>.<\/td><\/tr><\/tbody><\/table><\/figure>\n\n\n\n<p><\/p>\n\n\n\n<p><strong>De posse da suas credenciais do Boleto Ita\u00fa voc\u00ea dever\u00e1 acessar o Portal do Lojista da maxiPago:<\/strong><\/p>\n\n\n\n<p><strong>Ambiente de Produ\u00e7\u00e3o:<\/strong>&nbsp;<a href=\"https:\/\/portal.maxipago.net\/vpos\/VPOS\" target=\"_blank\" rel=\"noreferrer noopener\">https:\/\/portal.maxipago.net\/vpos\/VPOS<\/a><\/p>\n\n\n\n<p><strong>1.<\/strong>&nbsp;Acesse o Portal com suas credencias (enviadas no e-mail de boas-vindas)<\/p>\n\n\n\n<figure class=\"wp-block-image size-large is-resized is-style-default\"><img decoding=\"async\" width=\"644\" height=\"278\" src=\"https:\/\/www.maxipago.com\/developers\/wp-content\/uploads\/2022\/02\/tela_portal_1.jpg\" alt=\"Login Portal\" class=\"wp-image-2367\" srcset=\"https:\/\/www.maxipago.com\/developers\/wp-content\/uploads\/2022\/02\/tela_portal_1.jpg 644w, https:\/\/www.maxipago.com\/developers\/wp-content\/uploads\/2022\/02\/tela_portal_1-300x130.jpg 300w, https:\/\/www.maxipago.com\/developers\/wp-content\/uploads\/2022\/02\/tela_portal_1-220x95.jpg 220w, https:\/\/www.maxipago.com\/developers\/wp-content\/uploads\/2022\/02\/tela_portal_1-187x81.jpg 187w, https:\/\/www.maxipago.com\/developers\/wp-content\/uploads\/2022\/02\/tela_portal_1-453x196.jpg 453w\" sizes=\"(max-width: 644px) 100vw, 644px\" \/><\/figure>\n\n\n\n<p><strong>2.<\/strong>&nbsp;Acesse a aba: Admin \u2013 no menu superior (apenas dispon\u00edvel para perfil SuperUser)<\/p>\n\n\n\n<figure class=\"wp-block-image size-large is-resized is-style-default\"><img decoding=\"async\" width=\"533\" height=\"110\" src=\"https:\/\/www.maxipago.com\/developers\/wp-content\/uploads\/2022\/02\/tela_portal_2.jpg\" alt=\"\" class=\"wp-image-2368\" srcset=\"https:\/\/www.maxipago.com\/developers\/wp-content\/uploads\/2022\/02\/tela_portal_2.jpg 533w, https:\/\/www.maxipago.com\/developers\/wp-content\/uploads\/2022\/02\/tela_portal_2-300x62.jpg 300w, https:\/\/www.maxipago.com\/developers\/wp-content\/uploads\/2022\/02\/tela_portal_2-220x45.jpg 220w, https:\/\/www.maxipago.com\/developers\/wp-content\/uploads\/2022\/02\/tela_portal_2-187x39.jpg 187w, https:\/\/www.maxipago.com\/developers\/wp-content\/uploads\/2022\/02\/tela_portal_2-453x93.jpg 453w\" sizes=\"(max-width: 533px) 100vw, 533px\" \/><\/figure>\n\n\n\n<p><strong>3.<\/strong>&nbsp;Acesse a aba: Boleto<\/p>\n\n\n\n<figure class=\"wp-block-image size-large\"><img decoding=\"async\" width=\"1024\" height=\"77\" src=\"https:\/\/www.maxipago.com\/developers\/wp-content\/uploads\/2023\/03\/Imagem2-1024x77.png\" alt=\"\" class=\"wp-image-3377\" srcset=\"https:\/\/www.maxipago.com\/developers\/wp-content\/uploads\/2023\/03\/Imagem2-1024x77.png 1024w, https:\/\/www.maxipago.com\/developers\/wp-content\/uploads\/2023\/03\/Imagem2-300x22.png 300w, https:\/\/www.maxipago.com\/developers\/wp-content\/uploads\/2023\/03\/Imagem2-768x57.png 768w, https:\/\/www.maxipago.com\/developers\/wp-content\/uploads\/2023\/03\/Imagem2-1536x115.png 1536w, https:\/\/www.maxipago.com\/developers\/wp-content\/uploads\/2023\/03\/Imagem2-2048x153.png 2048w\" sizes=\"(max-width: 1024px) 100vw, 1024px\" \/><\/figure>\n\n\n\n<p><strong>4.<\/strong>&nbsp;Acesse o submenu: Credencias \u2013 inclua as suas informa\u00e7\u00f5es de <strong>Ag\u00eancia, Conta e Digito<\/strong> e depois informe <strong>Client ID, Token Tempor\u00e1rio e Chave de Sess\u00e3o<\/strong> (Enviados por E-mail pelo seu Cash)<\/p>\n\n\n\n<p>Aten\u00e7\u00e3o: Nos campos de Ag\u00eancia e Conta, n\u00e3o utilize pontua\u00e7\u00f5es como: &#8220;<strong>:<\/strong>&#8216;&#8221;, &#8220;<strong>;<\/strong>&#8220;, &#8220;<strong>.<\/strong>&#8220;, etc. Utilze somente n\u00fameros. <\/p>\n\n\n\n<figure class=\"wp-block-image size-full\"><img decoding=\"async\" width=\"721\" height=\"641\" src=\"https:\/\/www.maxipago.com\/developers\/wp-content\/uploads\/2024\/05\/image.png\" alt=\"\" class=\"wp-image-3981\" srcset=\"https:\/\/www.maxipago.com\/developers\/wp-content\/uploads\/2024\/05\/image.png 721w, https:\/\/www.maxipago.com\/developers\/wp-content\/uploads\/2024\/05\/image-300x267.png 300w\" sizes=\"(max-width: 721px) 100vw, 721px\" \/><\/figure>\n\n\n\n<p>Assim que as credenciais forem registradas, clique em salvar credenciais.<\/p>\n\n\n\n<p style=\"font-size:25px\"><span style=\"background-color:rgba(0, 0, 0, 0)\" class=\"has-inline-color has-luminous-vivid-orange-color\">3. Configura\u00e7\u00e3o das Credenciais na Maxipago<\/span><\/p>\n\n\n\n<p>Acesse o Portal da  sua loja na VTEX<\/p>\n\n\n\n<p>Na aba lateral esquerda clique em &#8220;<strong>Provedores<\/strong>&#8220;<\/p>\n\n\n\n<figure class=\"wp-block-image size-full\"><img decoding=\"async\" width=\"245\" height=\"647\" src=\"https:\/\/www.maxipago.com\/developers\/wp-content\/uploads\/2024\/10\/image.png\" alt=\"\" class=\"wp-image-4200\" srcset=\"https:\/\/www.maxipago.com\/developers\/wp-content\/uploads\/2024\/10\/image.png 245w, https:\/\/www.maxipago.com\/developers\/wp-content\/uploads\/2024\/10\/image-114x300.png 114w\" sizes=\"(max-width: 245px) 100vw, 245px\" \/><\/figure>\n\n\n\n<p>Clique em &#8220;<strong>Novo provedor<\/strong>&#8220;<\/p>\n\n\n\n<figure class=\"wp-block-image size-large\"><img decoding=\"async\" width=\"1024\" height=\"162\" src=\"https:\/\/www.maxipago.com\/developers\/wp-content\/uploads\/2024\/10\/image-2-1024x162.png\" alt=\"\" class=\"wp-image-4202\" srcset=\"https:\/\/www.maxipago.com\/developers\/wp-content\/uploads\/2024\/10\/image-2-1024x162.png 1024w, https:\/\/www.maxipago.com\/developers\/wp-content\/uploads\/2024\/10\/image-2-300x47.png 300w, https:\/\/www.maxipago.com\/developers\/wp-content\/uploads\/2024\/10\/image-2-768x121.png 768w, https:\/\/www.maxipago.com\/developers\/wp-content\/uploads\/2024\/10\/image-2-1536x243.png 1536w, https:\/\/www.maxipago.com\/developers\/wp-content\/uploads\/2024\/10\/image-2.png 1862w\" sizes=\"(max-width: 1024px) 100vw, 1024px\" \/><\/figure>\n\n\n\n<p>Pesquise por &#8220;<strong>MaxiPagoV4<\/strong>&#8221; para iniciar a configura\u00e7\u00e3o do conector<\/p>\n\n\n\n<figure class=\"wp-block-image size-large is-resized\"><img decoding=\"async\" width=\"1024\" height=\"424\" src=\"https:\/\/www.maxipago.com\/developers\/wp-content\/uploads\/2024\/10\/image-5-1024x424.png\" alt=\"\" class=\"wp-image-4205\" style=\"aspect-ratio:2.4150943396226414;width:840px;height:auto\" srcset=\"https:\/\/www.maxipago.com\/developers\/wp-content\/uploads\/2024\/10\/image-5-1024x424.png 1024w, https:\/\/www.maxipago.com\/developers\/wp-content\/uploads\/2024\/10\/image-5-300x124.png 300w, https:\/\/www.maxipago.com\/developers\/wp-content\/uploads\/2024\/10\/image-5-768x318.png 768w, https:\/\/www.maxipago.com\/developers\/wp-content\/uploads\/2024\/10\/image-5.png 1246w\" sizes=\"(max-width: 1024px) 100vw, 1024px\" \/><\/figure>\n\n\n\n<p>&#8220;<strong>Chave de aplica\u00e7\u00e3o<\/strong>&#8221; coloque o seu &#8220;<strong>merchantID<\/strong>&#8221; &#8211; \u00e9 o n\u00famero da sua loja na Maxipago, pode ser encontrado ap\u00f3s o logar no <a href=\"https:\/\/portal.maxipago.net\/vpos\/VPOS\">Portal Maxipago<\/a> no canto superior direito, ou seguindo a rota a seguir: <strong>Admin&gt;Configura\u00e7\u00f5es&gt;Geral&gt;Id da Loja (Merchant ID) <\/strong><\/p>\n\n\n\n<p>&#8220;<strong>Token de aplica\u00e7\u00e3o<\/strong>&#8221; coloque a sua &#8220;<strong>merchantKey<\/strong>&#8221; &#8211; seguindo a rota a seguir: <strong>Admin&gt;Configura\u00e7\u00f5es&gt;Geral&gt;merchantKey<\/strong><\/p>\n\n\n\n<p>Em &#8220;Informa\u00e7\u00f5es b\u00e1sicas&#8221; e &#8220;Nome&#8221;: escreva um nome para identificar o conector da Maxipago, ele ser\u00e1 importante para encontra-lo nas pr\u00f3ximas etapas<\/p>\n\n\n\n<figure class=\"wp-block-image size-large\"><img decoding=\"async\" width=\"1024\" height=\"459\" src=\"https:\/\/www.maxipago.com\/developers\/wp-content\/uploads\/2024\/10\/image-6-1024x459.png\" alt=\"\" class=\"wp-image-4206\" srcset=\"https:\/\/www.maxipago.com\/developers\/wp-content\/uploads\/2024\/10\/image-6-1024x459.png 1024w, https:\/\/www.maxipago.com\/developers\/wp-content\/uploads\/2024\/10\/image-6-300x135.png 300w, https:\/\/www.maxipago.com\/developers\/wp-content\/uploads\/2024\/10\/image-6-768x344.png 768w, https:\/\/www.maxipago.com\/developers\/wp-content\/uploads\/2024\/10\/image-6-1536x689.png 1536w, https:\/\/www.maxipago.com\/developers\/wp-content\/uploads\/2024\/10\/image-6.png 1581w\" sizes=\"(max-width: 1024px) 100vw, 1024px\" \/><\/figure>\n\n\n\n<p>Ap\u00f3s a configura\u00e7\u00e3o de credenciais Maxipago na VTEX \u00e9 necess\u00e1rio fazer a configura\u00e7\u00e3o do Boleto dentro da VTEX<\/p>\n\n\n\n<p>Para isso v\u00e1 na <strong>Aba Lateral&gt;Configura\u00e7\u00e3o da Loja&gt;Pagamentos&gt;Configura\u00e7\u00f5es<\/strong>&gt;<strong>Clique no Bot\u00e3o de Adicionar &#8220;+&#8221; no canto superior direito<\/strong><\/p>\n\n\n\n<figure class=\"wp-block-image size-large\"><img decoding=\"async\" width=\"1024\" height=\"487\" src=\"https:\/\/www.maxipago.com\/developers\/wp-content\/uploads\/2024\/10\/image-10-1024x487.png\" alt=\"\" class=\"wp-image-4210\" srcset=\"https:\/\/www.maxipago.com\/developers\/wp-content\/uploads\/2024\/10\/image-10-1024x487.png 1024w, https:\/\/www.maxipago.com\/developers\/wp-content\/uploads\/2024\/10\/image-10-300x143.png 300w, https:\/\/www.maxipago.com\/developers\/wp-content\/uploads\/2024\/10\/image-10-768x365.png 768w, https:\/\/www.maxipago.com\/developers\/wp-content\/uploads\/2024\/10\/image-10-1536x731.png 1536w, https:\/\/www.maxipago.com\/developers\/wp-content\/uploads\/2024\/10\/image-10.png 1881w\" sizes=\"(max-width: 1024px) 100vw, 1024px\" \/><\/figure>\n\n\n\n<p>Caso seja a primeira configura\u00e7\u00e3o para uso do Boleto, des\u00e7a a p\u00e1gina at\u00e9 a op\u00e7\u00e3o de &#8220;<strong>Boleto Banc\u00e1rio<\/strong>&#8221; <\/p>\n\n\n\n<p>Se j\u00e1 tiver algum provedor de boleto cadastrado, siga para o pr\u00f3ximo passo e apenas fa\u00e7a a troca do conector.<\/p>\n\n\n\n<figure class=\"wp-block-image size-large\"><img decoding=\"async\" width=\"1024\" height=\"481\" src=\"https:\/\/www.maxipago.com\/developers\/wp-content\/uploads\/2024\/11\/image-1024x481.png\" alt=\"\" class=\"wp-image-4220\" srcset=\"https:\/\/www.maxipago.com\/developers\/wp-content\/uploads\/2024\/11\/image-1024x481.png 1024w, https:\/\/www.maxipago.com\/developers\/wp-content\/uploads\/2024\/11\/image-300x141.png 300w, https:\/\/www.maxipago.com\/developers\/wp-content\/uploads\/2024\/11\/image-768x360.png 768w, https:\/\/www.maxipago.com\/developers\/wp-content\/uploads\/2024\/11\/image-1536x721.png 1536w, https:\/\/www.maxipago.com\/developers\/wp-content\/uploads\/2024\/11\/image.png 1600w\" sizes=\"(max-width: 1024px) 100vw, 1024px\" \/><\/figure>\n\n\n\n<p>Em &#8220;Status&#8221; deixe a op\u00e7\u00e3o como &#8220;Ativa&#8217;<\/p>\n\n\n\n<p>Procure pelo conector que foi adicionado anteriormente e o nome salvo em &#8220;Informa\u00e7\u00f5es b\u00e1sicas&#8221; e &#8220;Nome&#8221;<\/p>\n\n\n\n<p>Na op\u00e7\u00e3o de &#8220;Adicionar condi\u00e7\u00e3o especial&#8221; configure regras que deseje para o Boleto e clique em &#8220;<strong>Salvar<\/strong>&#8220;<\/p>\n\n\n\n<figure class=\"wp-block-image size-large\"><img decoding=\"async\" width=\"1024\" height=\"480\" src=\"https:\/\/www.maxipago.com\/developers\/wp-content\/uploads\/2024\/10\/image-13-1024x480.png\" alt=\"\" class=\"wp-image-4213\" srcset=\"https:\/\/www.maxipago.com\/developers\/wp-content\/uploads\/2024\/10\/image-13-1024x480.png 1024w, https:\/\/www.maxipago.com\/developers\/wp-content\/uploads\/2024\/10\/image-13-300x141.png 300w, https:\/\/www.maxipago.com\/developers\/wp-content\/uploads\/2024\/10\/image-13-768x360.png 768w, https:\/\/www.maxipago.com\/developers\/wp-content\/uploads\/2024\/10\/image-13-1536x720.png 1536w, https:\/\/www.maxipago.com\/developers\/wp-content\/uploads\/2024\/10\/image-13.png 1901w\" sizes=\"(max-width: 1024px) 100vw, 1024px\" \/><\/figure>\n","protected":false},"excerpt":{"rendered":"<p>Aten\u00e7\u00e3o: caso voc\u00ea j\u00e1 tenha uma loja criada e em uso na Maxipago e seja o primeiro uso para Conector na VTEX \u00e9 necess\u00e1rio pedir para seu contato comercial (Cash\/Gerente\/Especialista) solicitar para a central de Atendimento a configura\u00e7\u00e3o da loja para VTEX, enviando o dado de merchantKey do cliente no chamado. Como acessar a MerchantKey [&hellip;]<\/p>\n","protected":false},"author":16,"featured_media":0,"parent":0,"menu_order":0,"comment_status":"closed","ping_status":"closed","template":"","meta":{"spay_email":"","footnotes":""},"yoast_head":"<!-- This site is optimized with the Yoast SEO plugin v16.2 - https:\/\/yoast.com\/wordpress\/plugins\/seo\/ -->\n<title>Boleto Ita\u00fa na VTEX - Gateway Rede! Developers<\/title>\n<meta name=\"robots\" content=\"noindex, follow, max-snippet:-1, max-image-preview:large, max-video-preview:-1\" \/>\n<meta property=\"og:locale\" content=\"pt_BR\" \/>\n<meta property=\"og:type\" content=\"article\" \/>\n<meta property=\"og:title\" content=\"Boleto Ita\u00fa na VTEX - Gateway Rede! Developers\" \/>\n<meta property=\"og:description\" content=\"Aten\u00e7\u00e3o: caso voc\u00ea j\u00e1 tenha uma loja criada e em uso na Maxipago e seja o primeiro uso para Conector na VTEX \u00e9 necess\u00e1rio pedir para seu contato comercial (Cash\/Gerente\/Especialista) solicitar para a central de Atendimento a configura\u00e7\u00e3o da loja para VTEX, enviando o dado de merchantKey do cliente no chamado. Como acessar a MerchantKey [&hellip;]\" \/>\n<meta property=\"og:url\" content=\"https:\/\/www.maxipago.com\/developers\/boleto-itau-na-vtex\/\" \/>\n<meta property=\"og:site_name\" content=\"Gateway Rede! Developers\" \/>\n<meta property=\"article:publisher\" content=\"https:\/\/www.facebook.com\/maxiPago-193308344142172\/?fref=ts\" \/>\n<meta property=\"article:modified_time\" content=\"2024-11-01T12:17:07+00:00\" \/>\n<meta property=\"og:image\" content=\"https:\/\/www.itau.com.br\/media\/dam\/m\/74c4f25795bba8cb\/original\/04-pre-header-logo-empresas-x3-TR.png\" \/>\n<meta name=\"twitter:card\" content=\"summary\" \/>\n<meta name=\"twitter:label1\" content=\"Est. tempo de leitura\">\n\t<meta name=\"twitter:data1\" content=\"6 minutos\">\n<script type=\"application\/ld+json\" class=\"yoast-schema-graph\">{\"@context\":\"https:\/\/schema.org\",\"@graph\":[{\"@type\":\"WebSite\",\"@id\":\"https:\/\/www.maxipago.com\/developers\/#website\",\"url\":\"https:\/\/www.maxipago.com\/developers\/\",\"name\":\"Gateway Rede! Developers\",\"description\":\"Portal de Desenvolvedores - Gateway Rede!\",\"potentialAction\":[{\"@type\":\"SearchAction\",\"target\":\"https:\/\/www.maxipago.com\/developers\/?s={search_term_string}\",\"query-input\":\"required name=search_term_string\"}],\"inLanguage\":\"pt-BR\"},{\"@type\":\"ImageObject\",\"@id\":\"https:\/\/www.maxipago.com\/developers\/boleto-itau-na-vtex\/#primaryimage\",\"inLanguage\":\"pt-BR\",\"url\":\"https:\/\/www.itau.com.br\/media\/dam\/m\/74c4f25795bba8cb\/original\/04-pre-header-logo-empresas-x3-TR.png\",\"contentUrl\":\"https:\/\/www.itau.com.br\/media\/dam\/m\/74c4f25795bba8cb\/original\/04-pre-header-logo-empresas-x3-TR.png\"},{\"@type\":\"WebPage\",\"@id\":\"https:\/\/www.maxipago.com\/developers\/boleto-itau-na-vtex\/#webpage\",\"url\":\"https:\/\/www.maxipago.com\/developers\/boleto-itau-na-vtex\/\",\"name\":\"Boleto Ita\\u00fa na VTEX - Gateway Rede! Developers\",\"isPartOf\":{\"@id\":\"https:\/\/www.maxipago.com\/developers\/#website\"},\"primaryImageOfPage\":{\"@id\":\"https:\/\/www.maxipago.com\/developers\/boleto-itau-na-vtex\/#primaryimage\"},\"datePublished\":\"2024-10-29T19:36:51+00:00\",\"dateModified\":\"2024-11-01T12:17:07+00:00\",\"breadcrumb\":{\"@id\":\"https:\/\/www.maxipago.com\/developers\/boleto-itau-na-vtex\/#breadcrumb\"},\"inLanguage\":\"pt-BR\",\"potentialAction\":[{\"@type\":\"ReadAction\",\"target\":[\"https:\/\/www.maxipago.com\/developers\/boleto-itau-na-vtex\/\"]}]},{\"@type\":\"BreadcrumbList\",\"@id\":\"https:\/\/www.maxipago.com\/developers\/boleto-itau-na-vtex\/#breadcrumb\",\"itemListElement\":[{\"@type\":\"ListItem\",\"position\":1,\"item\":{\"@type\":\"WebPage\",\"@id\":\"https:\/\/www.maxipago.com\/developers\/\",\"url\":\"https:\/\/www.maxipago.com\/developers\/\",\"name\":\"In\\u00edcio\"}},{\"@type\":\"ListItem\",\"position\":2,\"item\":{\"@id\":\"https:\/\/www.maxipago.com\/developers\/boleto-itau-na-vtex\/#webpage\"}}]}]}<\/script>\n<!-- \/ Yoast SEO plugin. -->","_links":{"self":[{"href":"https:\/\/www.maxipago.com\/developers\/wp-json\/wp\/v2\/pages\/4194"}],"collection":[{"href":"https:\/\/www.maxipago.com\/developers\/wp-json\/wp\/v2\/pages"}],"about":[{"href":"https:\/\/www.maxipago.com\/developers\/wp-json\/wp\/v2\/types\/page"}],"author":[{"embeddable":true,"href":"https:\/\/www.maxipago.com\/developers\/wp-json\/wp\/v2\/users\/16"}],"replies":[{"embeddable":true,"href":"https:\/\/www.maxipago.com\/developers\/wp-json\/wp\/v2\/comments?post=4194"}],"version-history":[{"count":11,"href":"https:\/\/www.maxipago.com\/developers\/wp-json\/wp\/v2\/pages\/4194\/revisions"}],"predecessor-version":[{"id":4231,"href":"https:\/\/www.maxipago.com\/developers\/wp-json\/wp\/v2\/pages\/4194\/revisions\/4231"}],"wp:attachment":[{"href":"https:\/\/www.maxipago.com\/developers\/wp-json\/wp\/v2\/media?parent=4194"}],"curies":[{"name":"wp","href":"https:\/\/api.w.org\/{rel}","templated":true}]}}