{"id":441,"date":"2017-02-20T15:00:55","date_gmt":"2017-02-20T18:00:55","guid":{"rendered":"http:\/\/maxipago.com\/developers\/?page_id=441"},"modified":"2024-05-14T11:04:39","modified_gmt":"2024-05-14T14:04:39","slug":"boleto-bancario","status":"publish","type":"page","link":"https:\/\/www.maxipago.com\/developers\/apidocs\/afiliacoes\/boleto-bancario\/","title":{"rendered":"Boleto Banc\u00e1rio"},"content":{"rendered":"<p style=\"font-size: medium;\" align=\"justify\">A maxiPago! tem como uma das op\u00e7\u00f5es de pagamento o boleto <strong style=\"color: #878787;\">com registro.<\/strong> Para que seja habilitado basta enviar para nossa equipe os dados da sua conta banc\u00e1ria: Banco, Ag\u00eancia, Conta Corrente e Carteira ou Conv\u00eanio.<\/p>\n<blockquote>\n<p style=\"font-size: medium;\" align=\"center\"><strong style=\"color: #878787;\"><span style=\"color: #000000;\"><br \/>ATEN\u00c7\u00c3O!<\/span><br \/><\/strong>O processo de automa\u00e7\u00e3o da concilia\u00e7\u00e3o banc\u00e1ria envolve uma conex\u00e3o entre o Banco e os servidores da maxiPago!, utilizado uma empresa terceira para o tr\u00e1fego de arquivos de compensa\u00e7\u00e3o.<\/p>\n<\/blockquote>\n<p style=\"font-size: medium;\" align=\"justify\">\u00a0<\/p>\n\n\n<div style=\"height:23px\" aria-hidden=\"true\" class=\"wp-block-spacer\"><\/div>\n\n\n\n<h3 class=\"wp-block-heading\"><strong><span class=\"has-inline-color has-luminous-vivid-orange-color\">Bancos e carteiras<\/span><\/strong><\/h3>\n\n\n\n<div style=\"height:26px\" aria-hidden=\"true\" class=\"wp-block-spacer\"><\/div>\n\n\n<div id=\"footable_parent_2710\"\n         class=\" footable_parent ninja_table_wrapper loading_ninja_table wp_table_data_press_parent semantic_ui \">\n                <table data-ninja_table_instance=\"ninja_table_instance_0\" data-footable_id=\"2710\" data-filter-delay=\"1000\" aria-label=\"Bancos e Carteiras\"            id=\"footable_2710\"\n           data-unique_identifier=\"ninja_table_unique_id_1185911113_2710\"\n           class=\" foo-table ninja_footable foo_table_2710 ninja_table_unique_id_1185911113_2710 ui table  nt_type_ajax_table selectable celled striped compact  footable-paging-right ninja_table_search_disabled\">\n                <colgroup>\n                            <col class=\"ninja_column_0 \">\n                            <col class=\"ninja_column_1 \">\n                            <col class=\"ninja_column_2 \">\n                    <\/colgroup>\n            <\/table>\n    \n    \n    \n<\/div>\n\n\n\n\n<div style=\"height:18px\" aria-hidden=\"true\" class=\"wp-block-spacer\"><\/div>\n\n\n\n<h2 class=\"wp-block-heading\"><mark style=\"background-color:rgba(0, 0, 0, 0)\" class=\"has-inline-color has-colibri-color-2-color\">Conciliando boletos na maxiPago!<\/mark><\/h2>\n\n\n\n<p>Para que a maxiPago! possa conciliar automaticamente os boletos pagos  na sua loja \u00e9 preciso entrar com um pedido no seu banco, autorizando a maxiPago! a receber os arquivos de retorno de pagamento. Este processo faz com que os arquivos de pagamento sejam enviados automaticamente \u00e0 maxiPago!, sem interven\u00e7\u00e3o manual.<\/p>\n\n\n\n<ul>\n<li>Voc\u00ea dever\u00e1 imprimir, preencher e entregar a carta do&nbsp;<a href=\"http:\/\/maxipago.com\/developers\/wp-content\/uploads\/2017\/02\/maxiPago_anexo_b_carta_de_conciliacao_de_boletos.docx\"><strong>Anexo B&nbsp;<\/strong><\/a>para o seu gerente. Essa carta d\u00e1 permiss\u00e3o para que a Nexxera (empresa que gerencia o envio e recebimento de arquivos) trafegue os dados entre o banco e a maxiPago!<\/li>\n\n\n\n<li>Envie para nossa equipe o nome, e-mail e telefone de seu gerente, assim podemos acompanhar o processo mais de perto.<\/li>\n\n\n\n<li>O gerente do banco, por sua vez, dever\u00e1 encaminhar essa carta ao setor interno de TI, a fim de estabelecermos a conex\u00e3o t\u00e9cnica entre banco e a maxiPago!.<\/li>\n<\/ul>\n\n\n\n<p>Lembramos que este procedimento dever\u00e1 ser executado para que seus boletos possam ser conciliados em nosso portal. Caso o contr\u00e1rio os boletos emitidos pela maxiPago! n\u00e3o ter\u00e3o seu status atualizado em nosso portal.<\/p>\n\n\n\n<p><\/p>\n\n\n\n<p>Obs.: A atualiza\u00e7\u00e3o via parceiro Nexxera atende boleto Bradesco e Santander. A integra\u00e7\u00e3o com boleto Ita\u00fa n\u00e3o necessita do uso do parceiro.<\/p>\n\n\n\n<p><\/p>\n\n\n\n<h3 class=\"wp-block-heading\"><span style=\"background-color:rgba(0, 0, 0, 0)\" class=\"has-inline-color has-luminous-vivid-orange-color\">Libera\u00e7\u00e3o dos IP\u00b4s maxiPago!<\/span><\/h3>\n\n\n\n<div style=\"height:23px\" aria-hidden=\"true\" class=\"wp-block-spacer\"><\/div>\n\n\n\n<p>Algumas empresas necessitam dos IP\u00b4s de sa\u00edda da maxiPago!. Recomendamos a verifica\u00e7\u00e3o dessa permiss\u00e3o utilizando os IPs abaixo:<\/p>\n\n\n\n<ul>\n<li><strong>52.207.83.230<\/strong><\/li>\n\n\n\n<li><strong>54.237.160.163<\/strong><\/li>\n<\/ul>\n","protected":false},"excerpt":{"rendered":"<p>A maxiPago! tem como uma das op\u00e7\u00f5es de pagamento o boleto com registro. Para que seja habilitado basta enviar para nossa equipe os dados da sua conta banc\u00e1ria: Banco, Ag\u00eancia, Conta Corrente e Carteira ou Conv\u00eanio. ATEN\u00c7\u00c3O!O processo de automa\u00e7\u00e3o da concilia\u00e7\u00e3o banc\u00e1ria envolve uma conex\u00e3o entre o Banco e os servidores da maxiPago!, utilizado [&hellip;]<\/p>\n","protected":false},"author":2,"featured_media":0,"parent":27,"menu_order":0,"comment_status":"closed","ping_status":"closed","template":"","meta":{"spay_email":"","footnotes":""},"yoast_head":"<!-- This site is optimized with the Yoast SEO plugin v16.2 - https:\/\/yoast.com\/wordpress\/plugins\/seo\/ -->\n<title>Boleto Banc\u00e1rio - Gateway Rede! Developers<\/title>\n<meta name=\"robots\" content=\"noindex, follow, max-snippet:-1, max-image-preview:large, max-video-preview:-1\" \/>\n<meta property=\"og:locale\" content=\"pt_BR\" \/>\n<meta property=\"og:type\" content=\"article\" \/>\n<meta property=\"og:title\" content=\"Boleto Banc\u00e1rio - Gateway Rede! Developers\" \/>\n<meta property=\"og:description\" content=\"A maxiPago! tem como uma das op\u00e7\u00f5es de pagamento o boleto com registro. Para que seja habilitado basta enviar para nossa equipe os dados da sua conta banc\u00e1ria: Banco, Ag\u00eancia, Conta Corrente e Carteira ou Conv\u00eanio. ATEN\u00c7\u00c3O!O processo de automa\u00e7\u00e3o da concilia\u00e7\u00e3o banc\u00e1ria envolve uma conex\u00e3o entre o Banco e os servidores da maxiPago!, utilizado [&hellip;]\" \/>\n<meta property=\"og:url\" content=\"https:\/\/www.maxipago.com\/developers\/apidocs\/afiliacoes\/boleto-bancario\/\" \/>\n<meta property=\"og:site_name\" content=\"Gateway Rede! Developers\" \/>\n<meta property=\"article:publisher\" content=\"https:\/\/www.facebook.com\/maxiPago-193308344142172\/?fref=ts\" \/>\n<meta property=\"article:modified_time\" content=\"2024-05-14T14:04:39+00:00\" \/>\n<meta name=\"twitter:card\" content=\"summary\" \/>\n<meta name=\"twitter:label1\" content=\"Est. tempo de leitura\">\n\t<meta name=\"twitter:data1\" content=\"2 minutos\">\n<script type=\"application\/ld+json\" class=\"yoast-schema-graph\">{\"@context\":\"https:\/\/schema.org\",\"@graph\":[{\"@type\":\"WebSite\",\"@id\":\"https:\/\/www.maxipago.com\/developers\/#website\",\"url\":\"https:\/\/www.maxipago.com\/developers\/\",\"name\":\"Gateway Rede! Developers\",\"description\":\"Portal de Desenvolvedores - Gateway Rede!\",\"potentialAction\":[{\"@type\":\"SearchAction\",\"target\":\"https:\/\/www.maxipago.com\/developers\/?s={search_term_string}\",\"query-input\":\"required name=search_term_string\"}],\"inLanguage\":\"pt-BR\"},{\"@type\":\"WebPage\",\"@id\":\"https:\/\/www.maxipago.com\/developers\/apidocs\/afiliacoes\/boleto-bancario\/#webpage\",\"url\":\"https:\/\/www.maxipago.com\/developers\/apidocs\/afiliacoes\/boleto-bancario\/\",\"name\":\"Boleto Banc\\u00e1rio - Gateway Rede! Developers\",\"isPartOf\":{\"@id\":\"https:\/\/www.maxipago.com\/developers\/#website\"},\"datePublished\":\"2017-02-20T18:00:55+00:00\",\"dateModified\":\"2024-05-14T14:04:39+00:00\",\"breadcrumb\":{\"@id\":\"https:\/\/www.maxipago.com\/developers\/apidocs\/afiliacoes\/boleto-bancario\/#breadcrumb\"},\"inLanguage\":\"pt-BR\",\"potentialAction\":[{\"@type\":\"ReadAction\",\"target\":[\"https:\/\/www.maxipago.com\/developers\/apidocs\/afiliacoes\/boleto-bancario\/\"]}]},{\"@type\":\"BreadcrumbList\",\"@id\":\"https:\/\/www.maxipago.com\/developers\/apidocs\/afiliacoes\/boleto-bancario\/#breadcrumb\",\"itemListElement\":[{\"@type\":\"ListItem\",\"position\":1,\"item\":{\"@type\":\"WebPage\",\"@id\":\"https:\/\/www.maxipago.com\/developers\/\",\"url\":\"https:\/\/www.maxipago.com\/developers\/\",\"name\":\"In\\u00edcio\"}},{\"@type\":\"ListItem\",\"position\":2,\"item\":{\"@type\":\"WebPage\",\"@id\":\"https:\/\/www.maxipago.com\/developers\/apidocs\/\",\"url\":\"https:\/\/www.maxipago.com\/developers\/apidocs\/\",\"name\":\"API Docs\"}},{\"@type\":\"ListItem\",\"position\":3,\"item\":{\"@type\":\"WebPage\",\"@id\":\"https:\/\/www.maxipago.com\/developers\/apidocs\/afiliacoes\/\",\"url\":\"https:\/\/www.maxipago.com\/developers\/apidocs\/afiliacoes\/\",\"name\":\"Guia de Afilia\\u00e7\\u00f5es\"}},{\"@type\":\"ListItem\",\"position\":4,\"item\":{\"@id\":\"https:\/\/www.maxipago.com\/developers\/apidocs\/afiliacoes\/boleto-bancario\/#webpage\"}}]}]}<\/script>\n<!-- \/ Yoast SEO plugin. -->","_links":{"self":[{"href":"https:\/\/www.maxipago.com\/developers\/wp-json\/wp\/v2\/pages\/441"}],"collection":[{"href":"https:\/\/www.maxipago.com\/developers\/wp-json\/wp\/v2\/pages"}],"about":[{"href":"https:\/\/www.maxipago.com\/developers\/wp-json\/wp\/v2\/types\/page"}],"author":[{"embeddable":true,"href":"https:\/\/www.maxipago.com\/developers\/wp-json\/wp\/v2\/users\/2"}],"replies":[{"embeddable":true,"href":"https:\/\/www.maxipago.com\/developers\/wp-json\/wp\/v2\/comments?post=441"}],"version-history":[{"count":18,"href":"https:\/\/www.maxipago.com\/developers\/wp-json\/wp\/v2\/pages\/441\/revisions"}],"predecessor-version":[{"id":3998,"href":"https:\/\/www.maxipago.com\/developers\/wp-json\/wp\/v2\/pages\/441\/revisions\/3998"}],"up":[{"embeddable":true,"href":"https:\/\/www.maxipago.com\/developers\/wp-json\/wp\/v2\/pages\/27"}],"wp:attachment":[{"href":"https:\/\/www.maxipago.com\/developers\/wp-json\/wp\/v2\/media?parent=441"}],"curies":[{"name":"wp","href":"https:\/\/api.w.org\/{rel}","templated":true}]}}