{"id":531,"date":"2017-03-03T16:36:11","date_gmt":"2017-03-03T19:36:11","guid":{"rendered":"http:\/\/maxipago.com\/developers\/?page_id=531"},"modified":"2017-06-30T12:50:08","modified_gmt":"2017-06-30T15:50:08","slug":"wordpress-4-x","status":"publish","type":"page","link":"https:\/\/www.maxipago.com\/developers\/suporte\/tutoriais\/modulo\/wordpress-4-x\/","title":{"rendered":"WordPress 4.x"},"content":{"rendered":"<p>&nbsp;<br \/>\n&nbsp;<\/p>\n<h2 style=\"color: #e06b08;\">Passo-a-Passo para instala\u00e7\u00e3o do M\u00f3dulo maxiPago! para Woocomerce<\/h2>\n<p>&nbsp;<\/p>\n<p>Este manual tem como finalidade, auxiliar nossos clientes no processo de instala\u00e7\u00e3o e configura\u00e7\u00e3o do plug-in para WooCommerce.<\/p>\n<p>&nbsp;<\/p>\n<p><strong style=\"color: #878787;\">WordPress<\/strong> \u00e9 um aplicativo de sistema de gerenciamento de conte\u00fado para web, escrito em PHP com banco de dados MySQL, voltado principalmente para a cria\u00e7\u00e3o de sites e blogs via web. Essa \u00e9 uma das ferramentas mais famosas na cria\u00e7\u00e3o de blogs disputando diretamente com o servi\u00e7o do Google chamado Blogger.<\/p>\n<p><strong style=\"color: #878787;\">WooCommerce<\/strong> \u00e9 um plugin gratuito que permite a cria\u00e7\u00e3o de lojas virtuais diretamente atrav\u00e9s do WordPress. Ele funciona como um kit de ferramentas modular contendo os elementos mais comuns em eCommerce como carrinho de compras, gerenciamento de estoques, estat\u00edsticas, gateways de pagamento, etc.<\/p>\n<p>&nbsp;<\/p>\n<h2 style=\"color: #e06b08;\">Download do Plug-in maxiPago!<\/h2>\n<p>&nbsp;<\/p>\n<p>Para efetuar o download do plug-in maxiPago! siga as instru\u00e7\u00f5es abaixo:<\/p>\n<p>1 &#8211; Acesse o link: https:\/\/github.com\/maxipago\/modulo-woocommerce;<\/p>\n<p>2 \u2013 Clique no bot\u00e3o \u201cClone or Download\u201d e em seguida na op\u00e7\u00e3o \u201cDownload ZIP\u201d.<\/p>\n<p>&nbsp;<br \/>\n<img decoding=\"async\" class=\"aligncenter\" src=\"http:\/\/maxipago.com\/developers\/wp-content\/uploads\/2017\/03\/woo-1.png\" alt=\"Download do m\u00f3dulo maxiPago! para WooCommerce\" \/><br \/>\n&nbsp;<\/p>\n<p>3 \u2013 Salve o arquivo em um diret\u00f3rio desejado e aguarde o t\u00e9rmino do download do arquivo.<\/p>\n<p>&nbsp;<\/p>\n<h2 style=\"color: #e06b08;\">Instalando o Plug-in maxiPago!<\/h2>\n<p>&nbsp;<\/p>\n<p>Ao finalizar o download do Plug-in maxiPago! para o WooCommerce, acesse o painel administrativo de sua loja virtual.<br \/>Navegue at\u00e9 a op\u00e7\u00e3o Plugins;<\/p>\n<p>&nbsp;<br \/>\n<img decoding=\"async\" class=\"aligncenter\" src=\"http:\/\/maxipago.com\/developers\/wp-content\/uploads\/2017\/03\/woo-2.png\" alt=\"Adicionando o m\u00f3dulo maxiPago! para WooCommerce\" \/><br \/>\n&nbsp;<\/p>\n<p>1 \u2013 Clique no bot\u00e3o Add New e em seguida clique em \u201cUpload Plugin\u201d;<\/p>\n<p>&nbsp;<br \/>\n<img decoding=\"async\" class=\"aligncenter\" src=\"http:\/\/maxipago.com\/developers\/wp-content\/uploads\/2017\/03\/woo-3.png\" alt=\"Fazendo o Upload do m\u00f3dulo maxiPago! para WooCommerce\" \/><br \/>\n&nbsp;<\/p>\n<p>2 \u2013 Acesse o diret\u00f3rio onde foi salvo o plug-in maxiPago! para WooCommerce e selecione o arquivo modulo-woocommerce-master, em seguida clique no bot\u00e3o \u201cInstall Now\u201d;<\/p>\n<p>3 \u2013 Ao t\u00e9rmino da instala\u00e7\u00e3o o WordPress, clique no bot\u00e3o \u201cActive Plugin\u201d.<\/p>\n<p>&nbsp;<br \/>\n<img decoding=\"async\" class=\"aligncenter\" src=\"http:\/\/maxipago.com\/developers\/wp-content\/uploads\/2017\/03\/woo-4.png\" alt=\"Ativando o m\u00f3dulo maxiPago! para WooCommerce\" \/><br \/>\n&nbsp;<\/p>\n<p>4 \u2013 Ap\u00f3s a ativa\u00e7\u00e3o, o lojista ser\u00e1 redirecionado para a tela de rela\u00e7\u00e3o de plug-ins instalados na loja virtual.<\/p>\n<p>&nbsp;<\/p>\n<h2 style=\"color: #e06b08;\">Configurando o Plug-in maxiPago!<\/h2>\n<p>&nbsp;<\/p>\n<p>No menu lateral, navegue at\u00e9 a op\u00e7\u00e3o WooCommerce &gt; Settings e em seguida clique em Checkout.<\/p>\n<p>&nbsp;<br \/>\n<img decoding=\"async\" class=\"aligncenter\" src=\"http:\/\/maxipago.com\/developers\/wp-content\/uploads\/2017\/03\/woo-5.png\" alt=\"Painel de configura\u00e7\u00e3o do m\u00f3dulo maxiPago! para WooCommerce\" \/><br \/>\n&nbsp;<\/p>\n<h3 style=\"color: #e06b08;\">Configura\u00e7\u00f5es de Cart\u00e3o de Cr\u00e9dito<\/h3>\n<p>&nbsp;<br \/>\n<img decoding=\"async\" class=\"aligncenter\" src=\"http:\/\/maxipago.com\/developers\/wp-content\/uploads\/2017\/03\/woo-6.png\" alt=\"Configurando o Cart\u00e3o de Cr\u00e9dito no m\u00f3dulo maxiPago! para WooCommerce\" \/><br \/>\n&nbsp;<\/p>\n<ul>\n<li><strong style=\"color: #878787;\">Habilitar\/desabilitar<\/strong> \u2013 Clique no checkbox para habilitar o pagamento via Cart\u00e3o de Cr\u00e9dito.<\/li>\n<li><strong style=\"color: #878787;\">T\u00edtulo<\/strong> \u2013 Nome de como o meio de pagamento ser\u00e1 exibido na tela de Checkout da loja.<\/li>\n<li><strong style=\"color: #878787;\">Descri\u00e7\u00e3o<\/strong> \u2013 Coloque um texto para a descri\u00e7\u00e3o do meio de pagamento.<\/li>\n<li><strong style=\"color: #878787;\">Ambiente<\/strong> \u2013 Selecione o tipo de ambiente: Teste ou Produ\u00e7\u00e3o.<\/li>\n<li><strong style=\"color: #878787;\">Merchant ID<\/strong> \u2013 Informe o ID da loja que corresponde ao ambiente selecionado.<\/li>\n<li><strong style=\"color: #878787;\">Merchant Key<\/strong> \u2013 Informe a Chave (token) de identifica\u00e7\u00e3o da loja que corresponde ao ambiente selecionado.<\/li>\n<li><strong style=\"color: #878787;\">Prefixo do Pedido<\/strong> \u2013 Insira um prefixo para seus n\u00fameros de pedido..<\/li>\n<li><strong style=\"color: #878787;\">Salvar Log<\/strong> \u2013 Selecione o checkbox para salvar as solicita\u00e7\u00f5es de API.<\/li>\n<li><strong style=\"color: #878787;\">SoftDescriptor <\/strong>\u2013 Inserir um campo descritivo que aparecer\u00e1 na fatura do cliente. Use apenas letras e n\u00fameros sem espa\u00e7os.<\/li>\n<li><strong style=\"color: #878787;\">N\u00famero m\u00e1ximo de parcelas &#8211; <\/strong>N\u00famero m\u00e1ximo de parcelas para pedidos em sua loja,<\/li>\n<li><strong style=\"color: #878787;\">Taxa de Juros (%) \u2013<\/strong> Percentual de juros que ser\u00e1 cobrado ao cliente na parcela.<\/li>\n<li><strong style=\"color: #878787;\">M\u00e9todo para C\u00e1lculo de juros \u2013<\/strong> Escolha o m\u00e9todo para c\u00e1lculo de juros.<\/li>\n<li><strong style=\"color: #878787;\">N\u00famero de parcelas sem juros \u2013<\/strong> Indique o n\u00famero de parcelas sem juros.<\/li>\n<li><strong style=\"color: #878787;\">Tipo de Processamento<\/strong> \u2013 Escolha o tipo de processamento.<\/li>\n<li><strong style=\"color: #878787;\">Usar Tokeniza\u00e7\u00e3o<\/strong> \u2013 Selecione o checkbox para habilitar a servi\u00e7o de tokeniza\u00e7\u00e3o.<\/li>\n<li><strong style=\"color: #878787;\">Adquirentes<\/strong> \u2013 Para as bandeiras listadas ative apenas as bandeiras aceitas pela adquirente contratada.<\/li>\n<\/ul>\n<p>&nbsp;<\/p>\n<h3 style=\"color: #e06b08;\">Configura\u00e7\u00f5es de Boleto<\/h3>\n<p>&nbsp;<br \/>\n<img decoding=\"async\" class=\"aligncenter\" src=\"http:\/\/maxipago.com\/developers\/wp-content\/uploads\/2017\/03\/woo-7.png\" alt=\"Configurando o Boleto no m\u00f3dulo maxiPago! para WooCommerce\" \/><br \/>\n&nbsp;<\/p>\n<ul>\n<li><strong style=\"color: #878787;\">Habilitar\/desabilitar<\/strong> \u2013 Marque o checkbox para ativar o meio de pagamento via boleto.<\/li>\n<li><strong style=\"color: #878787;\">T\u00edtulo<\/strong> \u2013 Nome de como o meio de pagamento ser\u00e1 exibido na tela de Checkout da loja.<\/li>\n<li><strong style=\"color: #878787;\">Descri\u00e7\u00e3o<\/strong> \u2013 Coloque um texto para a descri\u00e7\u00e3o do meio de pagamento.<\/li>\n<li><strong style=\"color: #878787;\">Ambiente<\/strong> \u2013 Selecione o tipo de ambiente: Teste ou Produ\u00e7\u00e3o.<\/li>\n<li><strong style=\"color: #878787;\">Merchant ID<\/strong> \u2013 Informe o ID da loja que corresponde ao ambiente selecionado.<\/li>\n<li><strong style=\"color: #878787;\">Merchant Key<\/strong> \u2013 Informe a Chave (token) de identifica\u00e7\u00e3o da loja que corresponde ao ambiente selecionado.<\/li>\n<li><strong style=\"color: #878787;\">Prefixo do Pedido<\/strong> \u2013 Insira um prefixo para seus n\u00fameros de pedido.<\/li>\n<li><strong style=\"color: #878787;\">Salvar Log<\/strong> \u2013 Selecione o checkbox para salvar as solicita\u00e7\u00f5es de API.<\/li>\n<li><strong style=\"color: #878787;\">Banco do Boleto <\/strong>\u2013 Escolha o banco para o boleto.<\/li>\n<li><strong style=\"color: #878787;\">Dias para vencimento do Boleto <\/strong>\u2013 Escolha o n\u00famero de dias para o vencimento do boleto.<\/li>\n<li><strong style=\"color: #878787;\">Instru\u00e7\u00f5es <\/strong>\u2013 Digite as instru\u00e7\u00f5es que aparecer\u00e3o no boleto.<\/li>\n<\/ul>\n<p>&nbsp;<\/p>\n<h3 style=\"color: #e06b08;\">Configura\u00e7\u00f5es de Transfer\u00eancia Online<\/h3>\n<p>&nbsp;<br \/>\n<img decoding=\"async\" class=\"aligncenter\" src=\"http:\/\/maxipago.com\/developers\/wp-content\/uploads\/2017\/03\/woo-8.png\" alt=\"Configurando a Transfer\u00eancia Eletr\u00f4nica no m\u00f3dulo maxiPago! para WooCommerce\" \/><br \/>\n&nbsp;<\/p>\n<ul>\n<li><strong style=\"color: #878787;\">Habilitar\/desabilitar<\/strong> \u2013 Marque o checkbox para ativar o meio de pagamento via boleto.<\/li>\n<li><strong style=\"color: #878787;\">T\u00edtulo<\/strong> \u2013 Nome de como o meio de pagamento ser\u00e1 exibido na tela de Checkout da loja.<\/li>\n<li><strong style=\"color: #878787;\">Descri\u00e7\u00e3o<\/strong> \u2013 Coloque um texto para a descri\u00e7\u00e3o do meio de pagamento.<\/li>\n<li><strong style=\"color: #878787;\">Ambiente<\/strong> \u2013 Selecione o tipo de ambiente: Teste ou Produ\u00e7\u00e3o.<\/li>\n<li><strong style=\"color: #878787;\">Merchant ID<\/strong> \u2013 Informe o ID da loja que corresponde ao ambiente selecionado.<\/li>\n<li><strong style=\"color: #878787;\">Merchant Key<\/strong> \u2013 Informe a Chave (token) de identifica\u00e7\u00e3o da loja que corresponde ao ambiente selecionado.<\/li>\n<li><strong style=\"color: #878787;\">Prefixo do Pedido<\/strong> \u2013 Insira um prefixo para seus n\u00fameros de pedido.<\/li>\n<li><strong style=\"color: #878787;\">Salvar Log<\/strong> \u2013 Selecione o checkbox para salvar as solicita\u00e7\u00f5es de API.<\/li>\n<li><strong style=\"color: #878787;\">Bancos <\/strong>\u2013 Escolha seus Bancos.<\/li>\n<\/ul>\n","protected":false},"excerpt":{"rendered":"<p>&nbsp; &nbsp; Passo-a-Passo para instala\u00e7\u00e3o do M\u00f3dulo maxiPago! para Woocomerce &nbsp; Este manual tem como finalidade, auxiliar nossos clientes no processo de instala\u00e7\u00e3o e configura\u00e7\u00e3o do plug-in para WooCommerce. &nbsp; WordPress \u00e9 um aplicativo de sistema de gerenciamento de conte\u00fado para web, escrito em PHP com banco de dados MySQL, voltado principalmente para a cria\u00e7\u00e3o [&hellip;]<\/p>\n","protected":false},"author":2,"featured_media":0,"parent":524,"menu_order":0,"comment_status":"closed","ping_status":"closed","template":"page-full.php","meta":{"spay_email":"","footnotes":""},"yoast_head":"<!-- This site is optimized with the Yoast SEO plugin v16.2 - https:\/\/yoast.com\/wordpress\/plugins\/seo\/ -->\n<title>WordPress 4.x - Gateway Rede! Developers<\/title>\n<meta name=\"robots\" content=\"noindex, follow, max-snippet:-1, max-image-preview:large, max-video-preview:-1\" \/>\n<meta property=\"og:locale\" content=\"pt_BR\" \/>\n<meta property=\"og:type\" content=\"article\" \/>\n<meta property=\"og:title\" content=\"WordPress 4.x - Gateway Rede! Developers\" \/>\n<meta property=\"og:description\" content=\"&nbsp; &nbsp; Passo-a-Passo para instala\u00e7\u00e3o do M\u00f3dulo maxiPago! para Woocomerce &nbsp; Este manual tem como finalidade, auxiliar nossos clientes no processo de instala\u00e7\u00e3o e configura\u00e7\u00e3o do plug-in para WooCommerce. &nbsp; WordPress \u00e9 um aplicativo de sistema de gerenciamento de conte\u00fado para web, escrito em PHP com banco de dados MySQL, voltado principalmente para a cria\u00e7\u00e3o [&hellip;]\" \/>\n<meta property=\"og:url\" content=\"https:\/\/www.maxipago.com\/developers\/suporte\/tutoriais\/modulo\/wordpress-4-x\/\" \/>\n<meta property=\"og:site_name\" content=\"Gateway Rede! Developers\" \/>\n<meta property=\"article:publisher\" content=\"https:\/\/www.facebook.com\/maxiPago-193308344142172\/?fref=ts\" \/>\n<meta property=\"article:modified_time\" content=\"2017-06-30T15:50:08+00:00\" \/>\n<meta property=\"og:image\" content=\"http:\/\/maxipago.com\/developers\/wp-content\/uploads\/2017\/03\/woo-1.png\" \/>\n<meta name=\"twitter:card\" content=\"summary\" \/>\n<meta name=\"twitter:label1\" content=\"Est. tempo de leitura\">\n\t<meta name=\"twitter:data1\" content=\"4 minutos\">\n<script type=\"application\/ld+json\" class=\"yoast-schema-graph\">{\"@context\":\"https:\/\/schema.org\",\"@graph\":[{\"@type\":\"WebSite\",\"@id\":\"https:\/\/www.maxipago.com\/developers\/#website\",\"url\":\"https:\/\/www.maxipago.com\/developers\/\",\"name\":\"Gateway Rede! Developers\",\"description\":\"Portal de Desenvolvedores - Gateway Rede!\",\"potentialAction\":[{\"@type\":\"SearchAction\",\"target\":\"https:\/\/www.maxipago.com\/developers\/?s={search_term_string}\",\"query-input\":\"required name=search_term_string\"}],\"inLanguage\":\"pt-BR\"},{\"@type\":\"ImageObject\",\"@id\":\"https:\/\/www.maxipago.com\/developers\/suporte\/tutoriais\/modulo\/wordpress-4-x\/#primaryimage\",\"inLanguage\":\"pt-BR\",\"url\":\"http:\/\/maxipago.com\/developers\/wp-content\/uploads\/2017\/03\/woo-1.png\",\"contentUrl\":\"http:\/\/maxipago.com\/developers\/wp-content\/uploads\/2017\/03\/woo-1.png\"},{\"@type\":\"WebPage\",\"@id\":\"https:\/\/www.maxipago.com\/developers\/suporte\/tutoriais\/modulo\/wordpress-4-x\/#webpage\",\"url\":\"https:\/\/www.maxipago.com\/developers\/suporte\/tutoriais\/modulo\/wordpress-4-x\/\",\"name\":\"WordPress 4.x - Gateway Rede! Developers\",\"isPartOf\":{\"@id\":\"https:\/\/www.maxipago.com\/developers\/#website\"},\"primaryImageOfPage\":{\"@id\":\"https:\/\/www.maxipago.com\/developers\/suporte\/tutoriais\/modulo\/wordpress-4-x\/#primaryimage\"},\"datePublished\":\"2017-03-03T19:36:11+00:00\",\"dateModified\":\"2017-06-30T15:50:08+00:00\",\"breadcrumb\":{\"@id\":\"https:\/\/www.maxipago.com\/developers\/suporte\/tutoriais\/modulo\/wordpress-4-x\/#breadcrumb\"},\"inLanguage\":\"pt-BR\",\"potentialAction\":[{\"@type\":\"ReadAction\",\"target\":[\"https:\/\/www.maxipago.com\/developers\/suporte\/tutoriais\/modulo\/wordpress-4-x\/\"]}]},{\"@type\":\"BreadcrumbList\",\"@id\":\"https:\/\/www.maxipago.com\/developers\/suporte\/tutoriais\/modulo\/wordpress-4-x\/#breadcrumb\",\"itemListElement\":[{\"@type\":\"ListItem\",\"position\":1,\"item\":{\"@type\":\"WebPage\",\"@id\":\"https:\/\/www.maxipago.com\/developers\/\",\"url\":\"https:\/\/www.maxipago.com\/developers\/\",\"name\":\"In\\u00edcio\"}},{\"@type\":\"ListItem\",\"position\":2,\"item\":{\"@type\":\"WebPage\",\"@id\":\"https:\/\/www.maxipago.com\/developers\/suporte\/\",\"url\":\"https:\/\/www.maxipago.com\/developers\/suporte\/\",\"name\":\"Suporte\"}},{\"@type\":\"ListItem\",\"position\":3,\"item\":{\"@type\":\"WebPage\",\"@id\":\"https:\/\/www.maxipago.com\/developers\/suporte\/tutoriais\/\",\"url\":\"https:\/\/www.maxipago.com\/developers\/suporte\/tutoriais\/\",\"name\":\"Tutoriais\"}},{\"@type\":\"ListItem\",\"position\":4,\"item\":{\"@type\":\"WebPage\",\"@id\":\"https:\/\/www.maxipago.com\/developers\/suporte\/tutoriais\/modulo\/\",\"url\":\"https:\/\/www.maxipago.com\/developers\/suporte\/tutoriais\/modulo\/\",\"name\":\"Modulo\"}},{\"@type\":\"ListItem\",\"position\":5,\"item\":{\"@id\":\"https:\/\/www.maxipago.com\/developers\/suporte\/tutoriais\/modulo\/wordpress-4-x\/#webpage\"}}]}]}<\/script>\n<!-- \/ Yoast SEO plugin. -->","_links":{"self":[{"href":"https:\/\/www.maxipago.com\/developers\/wp-json\/wp\/v2\/pages\/531"}],"collection":[{"href":"https:\/\/www.maxipago.com\/developers\/wp-json\/wp\/v2\/pages"}],"about":[{"href":"https:\/\/www.maxipago.com\/developers\/wp-json\/wp\/v2\/types\/page"}],"author":[{"embeddable":true,"href":"https:\/\/www.maxipago.com\/developers\/wp-json\/wp\/v2\/users\/2"}],"replies":[{"embeddable":true,"href":"https:\/\/www.maxipago.com\/developers\/wp-json\/wp\/v2\/comments?post=531"}],"version-history":[{"count":4,"href":"https:\/\/www.maxipago.com\/developers\/wp-json\/wp\/v2\/pages\/531\/revisions"}],"predecessor-version":[{"id":758,"href":"https:\/\/www.maxipago.com\/developers\/wp-json\/wp\/v2\/pages\/531\/revisions\/758"}],"up":[{"embeddable":true,"href":"https:\/\/www.maxipago.com\/developers\/wp-json\/wp\/v2\/pages\/524"}],"wp:attachment":[{"href":"https:\/\/www.maxipago.com\/developers\/wp-json\/wp\/v2\/media?parent=531"}],"curies":[{"name":"wp","href":"https:\/\/api.w.org\/{rel}","templated":true}]}}