{"id":9,"date":"2017-02-06T13:48:50","date_gmt":"2017-02-06T15:48:50","guid":{"rendered":"http:\/\/maxipago.com\/developers\/?page_id=9"},"modified":"2023-01-04T11:52:32","modified_gmt":"2023-01-04T14:52:32","slug":"suporte","status":"publish","type":"page","link":"https:\/\/www.maxipago.com\/developers\/suporte\/","title":{"rendered":"Suporte"},"content":{"rendered":"\n<div style=\"height:53px\" aria-hidden=\"true\" class=\"wp-block-spacer\"><\/div>\n\n\n\n<p><strong>Voc\u00ea precisa de ajuda com a sua integra\u00e7\u00e3o com o maxiPago!?<\/strong><\/p>\n\n\n\n<div style=\"height:14px\" aria-hidden=\"true\" class=\"wp-block-spacer\"><\/div>\n\n\n\n<div class=\"entry-content\">\n<ul>\n<li>\n<p><a href=\"http:\/\/maxipago.com\/developers\/apidocs\/\">Leia a nossa documenta\u00e7\u00e3o<\/a><\/p>\n<\/li>\n<li>\n<p><a href=\"http:\/\/maxipago.com\/developers\/suporte\/perguntas-frequentes\/\">Consulte as d\u00favidas mais frequentes<\/a><\/p>\n<\/li>\n<\/ul>\n<\/div>\n\n\n\n<div style=\"height:19px\" aria-hidden=\"true\" class=\"wp-block-spacer\"><\/div>\n\n\n\n<p><strong>Ainda assim ficou com d\u00favidas?<\/strong><\/p>\n\n\n\n<div style=\"height:12px\" aria-hidden=\"true\" class=\"wp-block-spacer\"><\/div>\n\n\n\n<p>Entre em contato com nossa \u00e1rea de suporte e integra\u00e7\u00e3o:\u00a0<\/p>\n\n\n\n<p>ecommerce@userede.com.br<br>(11) 4001 4433\u00a0 \u2013 Capitais e regi\u00f5es metropolitanas<br>0800 728 4433 \u2013 Demais localidades<\/p>\n\n\n\n<div style=\"height:15px\" aria-hidden=\"true\" class=\"wp-block-spacer\"><\/div>\n\n\n\n<p><strong><u>Aten\u00e7\u00e3o<\/u><\/strong>:&nbsp;<strong>Ao enviar o e-mail,<\/strong>&nbsp;<strong>por favor, informe o endere\u00e7o da chamada WS, nome do cliente, e XML de request e response, caso se aplique.<\/strong><\/p>\n","protected":false},"excerpt":{"rendered":"<p>Voc\u00ea precisa de ajuda com a sua integra\u00e7\u00e3o com o maxiPago!? Leia a nossa documenta\u00e7\u00e3o Consulte as d\u00favidas mais frequentes Ainda assim ficou com d\u00favidas? Entre em contato com nossa \u00e1rea de suporte e integra\u00e7\u00e3o:\u00a0 ecommerce@userede.com.br(11) 4001 4433\u00a0 \u2013 Capitais e regi\u00f5es metropolitanas0800 728 4433 \u2013 Demais localidades Aten\u00e7\u00e3o:&nbsp;Ao enviar o e-mail,&nbsp;por favor, informe o [&hellip;]<\/p>\n","protected":false},"author":1,"featured_media":0,"parent":0,"menu_order":0,"comment_status":"closed","ping_status":"closed","template":"page-full.php","meta":{"spay_email":"","footnotes":""},"yoast_head":"<!-- This site is optimized with the Yoast SEO plugin v16.2 - https:\/\/yoast.com\/wordpress\/plugins\/seo\/ -->\n<title>Suporte - Gateway Rede! Developers<\/title>\n<meta name=\"robots\" content=\"noindex, follow, max-snippet:-1, max-image-preview:large, max-video-preview:-1\" \/>\n<meta property=\"og:locale\" content=\"pt_BR\" \/>\n<meta property=\"og:type\" content=\"article\" \/>\n<meta property=\"og:title\" content=\"Suporte - Gateway Rede! Developers\" \/>\n<meta property=\"og:description\" content=\"Voc\u00ea precisa de ajuda com a sua integra\u00e7\u00e3o com o maxiPago!? Leia a nossa documenta\u00e7\u00e3o Consulte as d\u00favidas mais frequentes Ainda assim ficou com d\u00favidas? Entre em contato com nossa \u00e1rea de suporte e integra\u00e7\u00e3o:\u00a0 ecommerce@userede.com.br(11) 4001 4433\u00a0 \u2013 Capitais e regi\u00f5es metropolitanas0800 728 4433 \u2013 Demais localidades Aten\u00e7\u00e3o:&nbsp;Ao enviar o e-mail,&nbsp;por favor, informe o [&hellip;]\" \/>\n<meta property=\"og:url\" content=\"https:\/\/www.maxipago.com\/developers\/suporte\/\" \/>\n<meta property=\"og:site_name\" content=\"Gateway Rede! Developers\" \/>\n<meta property=\"article:publisher\" content=\"https:\/\/www.facebook.com\/maxiPago-193308344142172\/?fref=ts\" \/>\n<meta property=\"article:modified_time\" content=\"2023-01-04T14:52:32+00:00\" \/>\n<meta name=\"twitter:card\" content=\"summary\" \/>\n<meta name=\"twitter:label1\" content=\"Est. tempo de leitura\">\n\t<meta name=\"twitter:data1\" content=\"1 minuto\">\n<script type=\"application\/ld+json\" class=\"yoast-schema-graph\">{\"@context\":\"https:\/\/schema.org\",\"@graph\":[{\"@type\":\"WebSite\",\"@id\":\"https:\/\/www.maxipago.com\/developers\/#website\",\"url\":\"https:\/\/www.maxipago.com\/developers\/\",\"name\":\"Gateway Rede! Developers\",\"description\":\"Portal de Desenvolvedores - Gateway Rede!\",\"potentialAction\":[{\"@type\":\"SearchAction\",\"target\":\"https:\/\/www.maxipago.com\/developers\/?s={search_term_string}\",\"query-input\":\"required name=search_term_string\"}],\"inLanguage\":\"pt-BR\"},{\"@type\":\"WebPage\",\"@id\":\"https:\/\/www.maxipago.com\/developers\/suporte\/#webpage\",\"url\":\"https:\/\/www.maxipago.com\/developers\/suporte\/\",\"name\":\"Suporte - Gateway Rede! Developers\",\"isPartOf\":{\"@id\":\"https:\/\/www.maxipago.com\/developers\/#website\"},\"datePublished\":\"2017-02-06T15:48:50+00:00\",\"dateModified\":\"2023-01-04T14:52:32+00:00\",\"breadcrumb\":{\"@id\":\"https:\/\/www.maxipago.com\/developers\/suporte\/#breadcrumb\"},\"inLanguage\":\"pt-BR\",\"potentialAction\":[{\"@type\":\"ReadAction\",\"target\":[\"https:\/\/www.maxipago.com\/developers\/suporte\/\"]}]},{\"@type\":\"BreadcrumbList\",\"@id\":\"https:\/\/www.maxipago.com\/developers\/suporte\/#breadcrumb\",\"itemListElement\":[{\"@type\":\"ListItem\",\"position\":1,\"item\":{\"@type\":\"WebPage\",\"@id\":\"https:\/\/www.maxipago.com\/developers\/\",\"url\":\"https:\/\/www.maxipago.com\/developers\/\",\"name\":\"In\\u00edcio\"}},{\"@type\":\"ListItem\",\"position\":2,\"item\":{\"@id\":\"https:\/\/www.maxipago.com\/developers\/suporte\/#webpage\"}}]}]}<\/script>\n<!-- \/ Yoast SEO plugin. -->","_links":{"self":[{"href":"https:\/\/www.maxipago.com\/developers\/wp-json\/wp\/v2\/pages\/9"}],"collection":[{"href":"https:\/\/www.maxipago.com\/developers\/wp-json\/wp\/v2\/pages"}],"about":[{"href":"https:\/\/www.maxipago.com\/developers\/wp-json\/wp\/v2\/types\/page"}],"author":[{"embeddable":true,"href":"https:\/\/www.maxipago.com\/developers\/wp-json\/wp\/v2\/users\/1"}],"replies":[{"embeddable":true,"href":"https:\/\/www.maxipago.com\/developers\/wp-json\/wp\/v2\/comments?post=9"}],"version-history":[{"count":8,"href":"https:\/\/www.maxipago.com\/developers\/wp-json\/wp\/v2\/pages\/9\/revisions"}],"predecessor-version":[{"id":2912,"href":"https:\/\/www.maxipago.com\/developers\/wp-json\/wp\/v2\/pages\/9\/revisions\/2912"}],"wp:attachment":[{"href":"https:\/\/www.maxipago.com\/developers\/wp-json\/wp\/v2\/media?parent=9"}],"curies":[{"name":"wp","href":"https:\/\/api.w.org\/{rel}","templated":true}]}}